{"id":830,"date":"2018-03-24T07:10:28","date_gmt":"2018-03-24T06:10:28","guid":{"rendered":"http:\/\/martytatoo.paris\/?page_id=830"},"modified":"2024-12-16T11:07:48","modified_gmt":"2024-12-16T10:07:48","slug":"l-effaceur","status":"publish","type":"page","link":"https:\/\/pierre-delaunay.fr\/marty-tatoo\/l-effaceur\/","title":{"rendered":"L\u2019EFFACEUR"},"content":{"rendered":"<div class=\"wpb-content-wrapper\"><p>[vc_row][vc_column][vc_custom_heading text=\u00a0\u00bbNOUVEAUT\u00c9 !\u00a0\u00bb font_size=\u00a0\u00bb72&Prime; font_weight=\u00a0\u00bb400&Prime; letter_spacing=\u00a0\u00bb0&Prime;][vc_custom_heading text=\u00a0\u00bbD\u00e9tatouage doux et naturel, sans laser\u00a0\u00bb font_size=\u00a0\u00bb72&Prime; font_weight=\u00a0\u00bb400&Prime; letter_spacing=\u00a0\u00bb0&Prime;][\/vc_column][\/vc_row][vc_row equal_height=\u00a0\u00bb\u00a0\u00bb font_color=\u00a0\u00bbdark\u00a0\u00bb shift_y=\u00a0\u00bb0&Prime; z_index=\u00a0\u00bb0&Prime;][vc_column][vc_column_text inline_style=\u00a0\u00bbtext-align: justify;margin-top: -2em;\u00a0\u00bb el_class=\u00a0\u00bbtext-effaceur\u00a0\u00bb]<strong>L\u2019ATELIER MARTY TATOO vous pr\u00e9sente en avant- premi\u00e8re L\u2019EFFACEUR<\/strong><\/p>\n<p>Concerne uniquement le <a href=\"http:\/\/martytatoo.paris\/tatouage-semi-permanent\/\">tatouage semi permanent\u00a0<\/a>esth\u00e9tique\u00a0(<a href=\"http:\/\/martytatoo.paris\/sourcil\/\">sourcils<\/a> rat\u00e9s, queues d\u2019<a href=\"http:\/\/martytatoo.paris\/eye-liner\/\">eyeliner<\/a> exag\u00e9r\u00e9es) et le <a href=\"http:\/\/martytatoo.paris\/tatouage-medical\/\">tatouage m\u00e9dical<\/a>\u00a0(ar\u00e9oles trop volumineuses), et le tatouage artistique effectu\u00e9s avec des pigments min\u00e9raux ou v\u00e9g\u00e9taux.<\/p>\n<p>Ses atouts:<\/p>\n<p>&#8211; L\u2019EFFACEUR \u00e9limine le noir et toutes les couleurs.<br \/>\n&#8211; Il peut \u00eatre appliqu\u00e9 sur toutes les zones du visage (sourcils, yeux, l\u00e8vres&#8230;)<br \/>\n&#8211; Il ne laisse aucune cicatrice.<br \/>\n&#8211; Il ne br\u00fble pas la peau.<br \/>\n&#8211; Tout type de peau peut en b\u00e9n\u00e9ficier.<br \/>\n&#8211; Efface m\u00eame le blanc que le laser ne peut atteindre.<br \/>\n&#8211; La peau peut \u00eatre re-pigment\u00e9e apr\u00e8s d\u00e9tatouage.<br \/>\n&#8211; Produit homologu\u00e9 MADE IN FRANCE.<\/p>\n<p>Prenez un rendez-vous pour un entretien personnalis\u00e9 sans engagement. Un devis vous sera \u00e9tablit.[\/vc_column_text][vc_cta h2=\u00a0\u00bb\u00a0\u00bb btn_button_type=\u00a0\u00bbtattoopress-button-solid-accent\u00a0\u00bb btn_title=\u00a0\u00bbPrendre rendez-vous\u00a0\u00bb url=\u00a0\u00bbhttp:\/\/martytatoo.paris\/contact\/\u00a0\u00bb btn_link=\u00a0\u00bburl:http%3A%2F%2Fmartytatoo.paris%2Fcontact%2F|title:|target:_self\u00a0\u00bb][\/vc_column][\/vc_row]<\/p>\n<\/div>","protected":false},"excerpt":{"rendered":"<p>[vc_row][vc_column][vc_custom_heading text=\u00a0\u00bbNOUVEAUT\u00c9 !\u00a0\u00bb font_size=\u00a0\u00bb72&Prime; font_weight=\u00a0\u00bb400&Prime; letter_spacing=\u00a0\u00bb0&Prime;][vc_custom_heading text=\u00a0\u00bbD\u00e9tatouage doux et naturel, sans laser\u00a0\u00bb font_size=\u00a0\u00bb72&Prime; font_weight=\u00a0\u00bb400&Prime; letter_spacing=\u00a0\u00bb0&Prime;][\/vc_column][\/vc_row][vc_row equal_height=\u00a0\u00bb\u00a0\u00bb font_color=\u00a0\u00bbdark\u00a0\u00bb shift_y=\u00a0\u00bb0&Prime; z_index=\u00a0\u00bb0&Prime;][vc_column][vc_column_text inline_style=\u00a0\u00bbtext-align: justify;margin-top: -2em;\u00a0\u00bb el_class=\u00a0\u00bbtext-effaceur\u00a0\u00bb]L\u2019ATELIER MARTY TATOO vous pr\u00e9sente en avant- premi\u00e8re L\u2019EFFACEUR Concerne uniquement le tatouage semi permanent\u00a0esth\u00e9tique\u00a0(sourcils rat\u00e9s, queues d\u2019eyeliner exag\u00e9r\u00e9es) et le tatouage m\u00e9dical\u00a0(ar\u00e9oles trop volumineuses), et le tatouage artistique effectu\u00e9s avec des pigments&#8230;<\/p>\n<p><a rel=\"bookmark\" class=\"tattoopress-button-text wvc-button wvc-button-size-sm\" href=\"https:\/\/pierre-delaunay.fr\/marty-tatoo\/l-effaceur\/\"><small class=\"wvc-button-background-fill\"><\/small><span>continue reading<\/span><\/a><\/p>\n","protected":false},"author":1,"featured_media":0,"parent":0,"menu_order":0,"comment_status":"closed","ping_status":"closed","template":"","meta":{"footnotes":""},"class_list":{"0":"post-830","1":"page","2":"type-page","3":"status-publish","4":"hentry","5":"entry","6":"clearfix","7":"entry-grid","8":"entry-columns-default","9":"entry-page-module-layout-standard","10":"no-post-thumbnail","11":"entry-page","13":"entry-page-grid"},"yoast_head":"<!-- This site is optimized with the Yoast SEO plugin v24.1 - https:\/\/yoast.com\/wordpress\/plugins\/seo\/ -->\n<title>L\u2019EFFACEUR - Marty Tatoo<\/title>\n<meta name=\"robots\" content=\"noindex, follow, max-snippet:-1, max-image-preview:large, max-video-preview:-1\" \/>\n<meta property=\"og:locale\" content=\"fr_FR\" \/>\n<meta property=\"og:type\" content=\"article\" \/>\n<meta property=\"og:title\" content=\"L\u2019EFFACEUR - Marty Tatoo\" \/>\n<meta property=\"og:description\" content=\"[vc_row][vc_column][vc_custom_heading text=\u00a0\u00bbNOUVEAUT\u00c9 !\u00a0\u00bb font_size=\u00a0\u00bb72&Prime; font_weight=\u00a0\u00bb400&Prime; letter_spacing=\u00a0\u00bb0&Prime;][vc_custom_heading text=\u00a0\u00bbD\u00e9tatouage doux et naturel, sans laser\u00a0\u00bb font_size=\u00a0\u00bb72&Prime; font_weight=\u00a0\u00bb400&Prime; letter_spacing=\u00a0\u00bb0&Prime;][\/vc_column][\/vc_row][vc_row equal_height=\u00a0\u00bb\u00a0\u00bb font_color=\u00a0\u00bbdark\u00a0\u00bb shift_y=\u00a0\u00bb0&Prime; z_index=\u00a0\u00bb0&Prime;][vc_column][vc_column_text inline_style=\u00a0\u00bbtext-align: justify;margin-top: -2em;\u00a0\u00bb el_class=\u00a0\u00bbtext-effaceur\u00a0\u00bb]L\u2019ATELIER MARTY TATOO vous pr\u00e9sente en avant- premi\u00e8re L\u2019EFFACEUR Concerne uniquement le tatouage semi permanent\u00a0esth\u00e9tique\u00a0(sourcils rat\u00e9s, queues d\u2019eyeliner exag\u00e9r\u00e9es) et le tatouage m\u00e9dical\u00a0(ar\u00e9oles trop volumineuses), et le tatouage artistique effectu\u00e9s avec des pigments...continue reading\" \/>\n<meta property=\"og:url\" content=\"https:\/\/pierre-delaunay.fr\/marty-tatoo\/l-effaceur\/\" \/>\n<meta property=\"og:site_name\" content=\"Marty Tatoo\" \/>\n<meta property=\"article:publisher\" content=\"https:\/\/fr-fr.facebook.com\/AtelierMartyTatoo\/\" \/>\n<meta property=\"article:modified_time\" content=\"2024-12-16T10:07:48+00:00\" \/>\n<meta name=\"twitter:card\" content=\"summary_large_image\" \/>\n<meta name=\"twitter:label1\" content=\"Dur\u00e9e de lecture estim\u00e9e\" \/>\n\t<meta name=\"twitter:data1\" content=\"1 minute\" \/>\n<script type=\"application\/ld+json\" class=\"yoast-schema-graph\">{\"@context\":\"https:\/\/schema.org\",\"@graph\":[{\"@type\":\"WebPage\",\"@id\":\"https:\/\/pierre-delaunay.fr\/marty-tatoo\/l-effaceur\/\",\"url\":\"https:\/\/pierre-delaunay.fr\/marty-tatoo\/l-effaceur\/\",\"name\":\"L\u2019EFFACEUR - Marty Tatoo\",\"isPartOf\":{\"@id\":\"https:\/\/pierre-delaunay.fr\/marty-tatoo\/#website\"},\"datePublished\":\"2018-03-24T06:10:28+00:00\",\"dateModified\":\"2024-12-16T10:07:48+00:00\",\"breadcrumb\":{\"@id\":\"https:\/\/pierre-delaunay.fr\/marty-tatoo\/l-effaceur\/#breadcrumb\"},\"inLanguage\":\"fr-FR\",\"potentialAction\":[{\"@type\":\"ReadAction\",\"target\":[\"https:\/\/pierre-delaunay.fr\/marty-tatoo\/l-effaceur\/\"]}]},{\"@type\":\"BreadcrumbList\",\"@id\":\"https:\/\/pierre-delaunay.fr\/marty-tatoo\/l-effaceur\/#breadcrumb\",\"itemListElement\":[{\"@type\":\"ListItem\",\"position\":1,\"name\":\"Accueil\",\"item\":\"https:\/\/pierre-delaunay.fr\/marty-tatoo\/\"},{\"@type\":\"ListItem\",\"position\":2,\"name\":\"L\u2019EFFACEUR\"}]},{\"@type\":\"WebSite\",\"@id\":\"https:\/\/pierre-delaunay.fr\/marty-tatoo\/#website\",\"url\":\"https:\/\/pierre-delaunay.fr\/marty-tatoo\/\",\"name\":\"Marty Tatoo\",\"description\":\"PARIS\",\"publisher\":{\"@id\":\"https:\/\/pierre-delaunay.fr\/marty-tatoo\/#organization\"},\"potentialAction\":[{\"@type\":\"SearchAction\",\"target\":{\"@type\":\"EntryPoint\",\"urlTemplate\":\"https:\/\/pierre-delaunay.fr\/marty-tatoo\/?s={search_term_string}\"},\"query-input\":{\"@type\":\"PropertyValueSpecification\",\"valueRequired\":true,\"valueName\":\"search_term_string\"}}],\"inLanguage\":\"fr-FR\"},{\"@type\":\"Organization\",\"@id\":\"https:\/\/pierre-delaunay.fr\/marty-tatoo\/#organization\",\"name\":\"Marty Tatoo\",\"url\":\"https:\/\/pierre-delaunay.fr\/marty-tatoo\/\",\"logo\":{\"@type\":\"ImageObject\",\"inLanguage\":\"fr-FR\",\"@id\":\"https:\/\/pierre-delaunay.fr\/marty-tatoo\/#\/schema\/logo\/image\/\",\"url\":\"https:\/\/pierre-delaunay.fr\/marty-tatoo\/wp-content\/uploads\/logo-plien-png.png\",\"contentUrl\":\"https:\/\/pierre-delaunay.fr\/marty-tatoo\/wp-content\/uploads\/logo-plien-png.png\",\"width\":154,\"height\":150,\"caption\":\"Marty Tatoo\"},\"image\":{\"@id\":\"https:\/\/pierre-delaunay.fr\/marty-tatoo\/#\/schema\/logo\/image\/\"},\"sameAs\":[\"https:\/\/fr-fr.facebook.com\/AtelierMartyTatoo\/\",\"https:\/\/www.instagram.com\/martytatoo_officiel\/\"]}]}<\/script>\n<!-- \/ Yoast SEO plugin. -->","yoast_head_json":{"title":"L\u2019EFFACEUR - Marty Tatoo","robots":{"index":"noindex","follow":"follow","max-snippet":"max-snippet:-1","max-image-preview":"max-image-preview:large","max-video-preview":"max-video-preview:-1"},"og_locale":"fr_FR","og_type":"article","og_title":"L\u2019EFFACEUR - Marty Tatoo","og_description":"[vc_row][vc_column][vc_custom_heading text=\u00a0\u00bbNOUVEAUT\u00c9 !\u00a0\u00bb font_size=\u00a0\u00bb72&Prime; font_weight=\u00a0\u00bb400&Prime; letter_spacing=\u00a0\u00bb0&Prime;][vc_custom_heading text=\u00a0\u00bbD\u00e9tatouage doux et naturel, sans laser\u00a0\u00bb font_size=\u00a0\u00bb72&Prime; font_weight=\u00a0\u00bb400&Prime; letter_spacing=\u00a0\u00bb0&Prime;][\/vc_column][\/vc_row][vc_row equal_height=\u00a0\u00bb\u00a0\u00bb font_color=\u00a0\u00bbdark\u00a0\u00bb shift_y=\u00a0\u00bb0&Prime; z_index=\u00a0\u00bb0&Prime;][vc_column][vc_column_text inline_style=\u00a0\u00bbtext-align: justify;margin-top: -2em;\u00a0\u00bb el_class=\u00a0\u00bbtext-effaceur\u00a0\u00bb]L\u2019ATELIER MARTY TATOO vous pr\u00e9sente en avant- premi\u00e8re L\u2019EFFACEUR Concerne uniquement le tatouage semi permanent\u00a0esth\u00e9tique\u00a0(sourcils rat\u00e9s, queues d\u2019eyeliner exag\u00e9r\u00e9es) et le tatouage m\u00e9dical\u00a0(ar\u00e9oles trop volumineuses), et le tatouage artistique effectu\u00e9s avec des pigments...continue reading","og_url":"https:\/\/pierre-delaunay.fr\/marty-tatoo\/l-effaceur\/","og_site_name":"Marty Tatoo","article_publisher":"https:\/\/fr-fr.facebook.com\/AtelierMartyTatoo\/","article_modified_time":"2024-12-16T10:07:48+00:00","twitter_card":"summary_large_image","twitter_misc":{"Dur\u00e9e de lecture estim\u00e9e":"1 minute"},"schema":{"@context":"https:\/\/schema.org","@graph":[{"@type":"WebPage","@id":"https:\/\/pierre-delaunay.fr\/marty-tatoo\/l-effaceur\/","url":"https:\/\/pierre-delaunay.fr\/marty-tatoo\/l-effaceur\/","name":"L\u2019EFFACEUR - Marty Tatoo","isPartOf":{"@id":"https:\/\/pierre-delaunay.fr\/marty-tatoo\/#website"},"datePublished":"2018-03-24T06:10:28+00:00","dateModified":"2024-12-16T10:07:48+00:00","breadcrumb":{"@id":"https:\/\/pierre-delaunay.fr\/marty-tatoo\/l-effaceur\/#breadcrumb"},"inLanguage":"fr-FR","potentialAction":[{"@type":"ReadAction","target":["https:\/\/pierre-delaunay.fr\/marty-tatoo\/l-effaceur\/"]}]},{"@type":"BreadcrumbList","@id":"https:\/\/pierre-delaunay.fr\/marty-tatoo\/l-effaceur\/#breadcrumb","itemListElement":[{"@type":"ListItem","position":1,"name":"Accueil","item":"https:\/\/pierre-delaunay.fr\/marty-tatoo\/"},{"@type":"ListItem","position":2,"name":"L\u2019EFFACEUR"}]},{"@type":"WebSite","@id":"https:\/\/pierre-delaunay.fr\/marty-tatoo\/#website","url":"https:\/\/pierre-delaunay.fr\/marty-tatoo\/","name":"Marty Tatoo","description":"PARIS","publisher":{"@id":"https:\/\/pierre-delaunay.fr\/marty-tatoo\/#organization"},"potentialAction":[{"@type":"SearchAction","target":{"@type":"EntryPoint","urlTemplate":"https:\/\/pierre-delaunay.fr\/marty-tatoo\/?s={search_term_string}"},"query-input":{"@type":"PropertyValueSpecification","valueRequired":true,"valueName":"search_term_string"}}],"inLanguage":"fr-FR"},{"@type":"Organization","@id":"https:\/\/pierre-delaunay.fr\/marty-tatoo\/#organization","name":"Marty Tatoo","url":"https:\/\/pierre-delaunay.fr\/marty-tatoo\/","logo":{"@type":"ImageObject","inLanguage":"fr-FR","@id":"https:\/\/pierre-delaunay.fr\/marty-tatoo\/#\/schema\/logo\/image\/","url":"https:\/\/pierre-delaunay.fr\/marty-tatoo\/wp-content\/uploads\/logo-plien-png.png","contentUrl":"https:\/\/pierre-delaunay.fr\/marty-tatoo\/wp-content\/uploads\/logo-plien-png.png","width":154,"height":150,"caption":"Marty Tatoo"},"image":{"@id":"https:\/\/pierre-delaunay.fr\/marty-tatoo\/#\/schema\/logo\/image\/"},"sameAs":["https:\/\/fr-fr.facebook.com\/AtelierMartyTatoo\/","https:\/\/www.instagram.com\/martytatoo_officiel\/"]}]}},"_links":{"self":[{"href":"https:\/\/pierre-delaunay.fr\/marty-tatoo\/wp-json\/wp\/v2\/pages\/830","targetHints":{"allow":["GET"]}}],"collection":[{"href":"https:\/\/pierre-delaunay.fr\/marty-tatoo\/wp-json\/wp\/v2\/pages"}],"about":[{"href":"https:\/\/pierre-delaunay.fr\/marty-tatoo\/wp-json\/wp\/v2\/types\/page"}],"author":[{"embeddable":true,"href":"https:\/\/pierre-delaunay.fr\/marty-tatoo\/wp-json\/wp\/v2\/users\/1"}],"replies":[{"embeddable":true,"href":"https:\/\/pierre-delaunay.fr\/marty-tatoo\/wp-json\/wp\/v2\/comments?post=830"}],"version-history":[{"count":20,"href":"https:\/\/pierre-delaunay.fr\/marty-tatoo\/wp-json\/wp\/v2\/pages\/830\/revisions"}],"predecessor-version":[{"id":24029,"href":"https:\/\/pierre-delaunay.fr\/marty-tatoo\/wp-json\/wp\/v2\/pages\/830\/revisions\/24029"}],"wp:attachment":[{"href":"https:\/\/pierre-delaunay.fr\/marty-tatoo\/wp-json\/wp\/v2\/media?parent=830"}],"curies":[{"name":"wp","href":"https:\/\/api.w.org\/{rel}","templated":true}]}}