{"id":723,"date":"2018-02-26T14:03:19","date_gmt":"2018-02-26T13:03:19","guid":{"rendered":"http:\/\/martytatoo.paris\/?page_id=723"},"modified":"2025-01-20T09:31:32","modified_gmt":"2025-01-20T08:31:32","slug":"formation-tatouage-special-mariage","status":"publish","type":"page","link":"https:\/\/pierre-delaunay.fr\/marty-tatoo\/formation-tatouage-special-mariage\/","title":{"rendered":"Formation tatouage sp\u00e9cial mariage"},"content":{"rendered":"<div class=\"wpb-content-wrapper\"><p>[vc_row][vc_column]<h2  style='line-height:1;font-weight:400;letter-spacing:0px;text-transform:uppercase;' class='wvc-fittext text-center clearfix' data-max-font-size='72'>MODULE 2\u00e8me DEGR\u00c9 : CONFIRM\u00c9ES Cours intensif sur 2 jours \/ 16 heures<\/h2>[vc_wp_text el_class=\u00a0\u00bbtextAvertFormation\u00a0\u00bb]<\/p>\n<p style=\"text-align: center;\">Cette formation n\u2019est prodigu\u00e9e qu\u2019\u00e0 nos clientes ayant effectu\u00e9 le module 1er degr\u00e9 ou aux artistes tatoueuses poss\u00e9dant une bonne pratique.<\/p>\n<p>[\/vc_wp_text][\/vc_column][\/vc_row][vc_row equal_height=\u00a0\u00bb\u00a0\u00bb font_color=\u00a0\u00bbdark\u00a0\u00bb shift_y=\u00a0\u00bb0&Prime; z_index=\u00a0\u00bb0&Prime;][vc_column width=\u00a0\u00bb2\/3&Prime;][vc_column_text inline_style=\u00a0\u00bbtext-align: justify;margin-top: -2em;\u00a0\u00bb]<\/p>\n<h3><\/h3>\n<h3>PROGRAMME<\/h3>\n<p><strong>Formation Sp\u00e9cial Mariage<\/strong><\/p>\n<p><strong>paillette, poudre de diamant et flocon de cristal.\u00a0<\/strong>Cette formation est bas\u00e9e sur la r\u00e9alisation de pi\u00e8ces uniques \u00e9labor\u00e9es.<\/p>\n<p><strong>LUNDI D\u00e9but de la formation 10h30<\/strong><\/p>\n<p>Le matin, dur\u00e9e 4 heures :<\/p>\n<ul>\n<li>Mise en place des rendez-vous de 1er contact avec la future mari\u00e9e.<\/li>\n<li>Tests et essais de mati\u00e8re pour propositions: cr\u00e9ations sur corps ou cr\u00e9ations dessin.<\/li>\n<li>Mise en situation et r\u00e9alisation du tatouage souhait\u00e9 pour la future mari\u00e9e.<\/li>\n<\/ul>\n<p>Pose d\u00e9jeuner 1h*<\/p>\n<p>L\u2019apr\u00e8s-midi, dur\u00e9e 4 heures :<\/p>\n<ul>\n<li>R\u00e9alisation d\u2019une parure pour future mari\u00e9e : mains, pieds, dos, etc, fa\u00e7on orientale et mendhy indien incorporant une nouvelle identit\u00e9 artistique. Effectu\u00e9e sur un mod\u00e8le mis \u00e0 votre disposition.<\/li>\n<\/ul>\n<p><strong>MARDI D\u00e9but de la formation 10h30<\/strong><\/p>\n<p>Le matin, dur\u00e9e 4 heures :<\/p>\n<ul>\n<li>Atelier de cr\u00e9ation dessin : colliers en dentelle classique avec variation ethnique (pi\u00e8ces uniques).<\/li>\n<\/ul>\n<p>Pose d\u00e9jeuner 1h*<\/p>\n<p>L\u2019apr\u00e8s-midi, dur\u00e9e 4 heures :<\/p>\n<ul>\n<li>R\u00e9alisation de votre cr\u00e9ation sur mod\u00e8le.<\/li>\n<\/ul>\n<p>*Pose d\u00e9jeuner : si vous le souhaitez nous avons plaisir \u00e0 partager ce moment de convivialit\u00e9 et d\u2019\u00e9changes.<\/p>\n<p>Pour garder la chaleur et le partage, nous vous recevrons par petits groupes de 6 personnes maximum.\u00a0<em>Les hommes ne sont pas exclus bien s\u00fbr !<\/em><\/p>\n<p>N\u00b0 d\u2019agr\u00e9ment : <em>1175444697975<\/em><br \/>\nFormatrice : <em>MARTY<\/em>[\/vc_column_text][\/vc_column][vc_column width=\u00a0\u00bb1\/3&Prime;][vc_single_image image=\u00a0\u00bb920&Prime; onclick=\u00a0\u00bblightbox\u00a0\u00bb full_size=\u00a0\u00bb1&Prime;]<section class='pricing-tables clearfix pricing-tables-2-cols' ><div class='pricing-table-inner'><ul><li class=\"pricing-table-title-cell\"><h3 class='pricing-table-title'>TARIF<\/h3><\/li><li class=\"pricing-table-main-content\"><span class='pricing-table-price'>1200\u20ac<\/span><\/li><li class=\"pricing-table-button\"><a href='http:\/\/martytatoo.paris\/contact\/' target=''>Demande d'inscription<\/a><\/li><\/ul><\/div><\/section>[\/vc_column][\/vc_row][vc_row][vc_column][vc_gallery type=\u00a0\u00bbcarousel\u00a0\u00bb img_size=\u00a0\u00bb300&#215;537&Prime; slides_per_view=\u00a0\u00bb4&Prime; hover_effect=\u00a0\u00bbzoomin\u00a0\u00bb images=\u00a0\u00bb921,922,923,924,925,926&Prime;][\/vc_column][\/vc_row]<\/p>\n<\/div>","protected":false},"excerpt":{"rendered":"<p>[vc_row][vc_column][vc_wp_text el_class=\u00a0\u00bbtextAvertFormation\u00a0\u00bb] Cette formation n\u2019est prodigu\u00e9e qu\u2019\u00e0 nos clientes ayant effectu\u00e9 le module 1er degr\u00e9 ou aux artistes tatoueuses poss\u00e9dant une bonne pratique. [\/vc_wp_text][\/vc_column][\/vc_row][vc_row equal_height=\u00a0\u00bb\u00a0\u00bb font_color=\u00a0\u00bbdark\u00a0\u00bb shift_y=\u00a0\u00bb0&Prime; z_index=\u00a0\u00bb0&Prime;][vc_column width=\u00a0\u00bb2\/3&Prime;][vc_column_text inline_style=\u00a0\u00bbtext-align: justify;margin-top: -2em;\u00a0\u00bb] PROGRAMME Formation Sp\u00e9cial Mariage paillette, poudre de diamant et flocon de cristal.\u00a0Cette formation est bas\u00e9e sur la r\u00e9alisation de pi\u00e8ces uniques \u00e9labor\u00e9es. LUNDI&#8230;<\/p>\n<p><a rel=\"bookmark\" class=\"tattoopress-button-text wvc-button wvc-button-size-sm\" href=\"https:\/\/pierre-delaunay.fr\/marty-tatoo\/formation-tatouage-special-mariage\/\"><small class=\"wvc-button-background-fill\"><\/small><span>continue reading<\/span><\/a><\/p>\n","protected":false},"author":1,"featured_media":0,"parent":0,"menu_order":0,"comment_status":"closed","ping_status":"closed","template":"","meta":{"footnotes":""},"class_list":{"0":"post-723","1":"page","2":"type-page","3":"status-publish","4":"hentry","5":"entry","6":"clearfix","7":"entry-grid","8":"entry-columns-default","9":"entry-page-module-layout-standard","10":"no-post-thumbnail","11":"entry-page","13":"entry-page-grid"},"yoast_head":"<!-- This site is optimized with the Yoast SEO plugin v24.1 - https:\/\/yoast.com\/wordpress\/plugins\/seo\/ -->\n<title>Formation tatouage sp\u00e9cial mariage - Marty Tatoo<\/title>\n<meta name=\"robots\" content=\"noindex, follow, max-snippet:-1, max-image-preview:large, max-video-preview:-1\" \/>\n<meta property=\"og:locale\" content=\"fr_FR\" \/>\n<meta property=\"og:type\" content=\"article\" \/>\n<meta property=\"og:title\" content=\"Formation tatouage sp\u00e9cial mariage - Marty Tatoo\" \/>\n<meta property=\"og:description\" content=\"[vc_row][vc_column][vc_wp_text el_class=\u00a0\u00bbtextAvertFormation\u00a0\u00bb] Cette formation n\u2019est prodigu\u00e9e qu\u2019\u00e0 nos clientes ayant effectu\u00e9 le module 1er degr\u00e9 ou aux artistes tatoueuses poss\u00e9dant une bonne pratique. [\/vc_wp_text][\/vc_column][\/vc_row][vc_row equal_height=\u00a0\u00bb\u00a0\u00bb font_color=\u00a0\u00bbdark\u00a0\u00bb shift_y=\u00a0\u00bb0&Prime; z_index=\u00a0\u00bb0&Prime;][vc_column width=\u00a0\u00bb2\/3&Prime;][vc_column_text inline_style=\u00a0\u00bbtext-align: justify;margin-top: -2em;\u00a0\u00bb] PROGRAMME Formation Sp\u00e9cial Mariage paillette, poudre de diamant et flocon de cristal.\u00a0Cette formation est bas\u00e9e sur la r\u00e9alisation de pi\u00e8ces uniques \u00e9labor\u00e9es. LUNDI...continue reading\" \/>\n<meta property=\"og:url\" content=\"https:\/\/pierre-delaunay.fr\/marty-tatoo\/formation-tatouage-special-mariage\/\" \/>\n<meta property=\"og:site_name\" content=\"Marty Tatoo\" \/>\n<meta property=\"article:publisher\" content=\"https:\/\/fr-fr.facebook.com\/AtelierMartyTatoo\/\" \/>\n<meta property=\"article:modified_time\" content=\"2025-01-20T08:31:32+00:00\" \/>\n<meta name=\"twitter:card\" content=\"summary_large_image\" \/>\n<meta name=\"twitter:label1\" content=\"Dur\u00e9e de lecture estim\u00e9e\" \/>\n\t<meta name=\"twitter:data1\" content=\"2 minutes\" \/>\n<script type=\"application\/ld+json\" class=\"yoast-schema-graph\">{\"@context\":\"https:\/\/schema.org\",\"@graph\":[{\"@type\":\"WebPage\",\"@id\":\"https:\/\/pierre-delaunay.fr\/marty-tatoo\/formation-tatouage-special-mariage\/\",\"url\":\"https:\/\/pierre-delaunay.fr\/marty-tatoo\/formation-tatouage-special-mariage\/\",\"name\":\"Formation tatouage sp\u00e9cial mariage - Marty Tatoo\",\"isPartOf\":{\"@id\":\"https:\/\/pierre-delaunay.fr\/marty-tatoo\/#website\"},\"datePublished\":\"2018-02-26T13:03:19+00:00\",\"dateModified\":\"2025-01-20T08:31:32+00:00\",\"breadcrumb\":{\"@id\":\"https:\/\/pierre-delaunay.fr\/marty-tatoo\/formation-tatouage-special-mariage\/#breadcrumb\"},\"inLanguage\":\"fr-FR\",\"potentialAction\":[{\"@type\":\"ReadAction\",\"target\":[\"https:\/\/pierre-delaunay.fr\/marty-tatoo\/formation-tatouage-special-mariage\/\"]}]},{\"@type\":\"BreadcrumbList\",\"@id\":\"https:\/\/pierre-delaunay.fr\/marty-tatoo\/formation-tatouage-special-mariage\/#breadcrumb\",\"itemListElement\":[{\"@type\":\"ListItem\",\"position\":1,\"name\":\"Accueil\",\"item\":\"https:\/\/pierre-delaunay.fr\/marty-tatoo\/\"},{\"@type\":\"ListItem\",\"position\":2,\"name\":\"Formation tatouage sp\u00e9cial mariage\"}]},{\"@type\":\"WebSite\",\"@id\":\"https:\/\/pierre-delaunay.fr\/marty-tatoo\/#website\",\"url\":\"https:\/\/pierre-delaunay.fr\/marty-tatoo\/\",\"name\":\"Marty Tatoo\",\"description\":\"PARIS\",\"publisher\":{\"@id\":\"https:\/\/pierre-delaunay.fr\/marty-tatoo\/#organization\"},\"potentialAction\":[{\"@type\":\"SearchAction\",\"target\":{\"@type\":\"EntryPoint\",\"urlTemplate\":\"https:\/\/pierre-delaunay.fr\/marty-tatoo\/?s={search_term_string}\"},\"query-input\":{\"@type\":\"PropertyValueSpecification\",\"valueRequired\":true,\"valueName\":\"search_term_string\"}}],\"inLanguage\":\"fr-FR\"},{\"@type\":\"Organization\",\"@id\":\"https:\/\/pierre-delaunay.fr\/marty-tatoo\/#organization\",\"name\":\"Marty Tatoo\",\"url\":\"https:\/\/pierre-delaunay.fr\/marty-tatoo\/\",\"logo\":{\"@type\":\"ImageObject\",\"inLanguage\":\"fr-FR\",\"@id\":\"https:\/\/pierre-delaunay.fr\/marty-tatoo\/#\/schema\/logo\/image\/\",\"url\":\"https:\/\/pierre-delaunay.fr\/marty-tatoo\/wp-content\/uploads\/logo-plien-png.png\",\"contentUrl\":\"https:\/\/pierre-delaunay.fr\/marty-tatoo\/wp-content\/uploads\/logo-plien-png.png\",\"width\":154,\"height\":150,\"caption\":\"Marty Tatoo\"},\"image\":{\"@id\":\"https:\/\/pierre-delaunay.fr\/marty-tatoo\/#\/schema\/logo\/image\/\"},\"sameAs\":[\"https:\/\/fr-fr.facebook.com\/AtelierMartyTatoo\/\",\"https:\/\/www.instagram.com\/martytatoo_officiel\/\"]}]}<\/script>\n<!-- \/ Yoast SEO plugin. -->","yoast_head_json":{"title":"Formation tatouage sp\u00e9cial mariage - Marty Tatoo","robots":{"index":"noindex","follow":"follow","max-snippet":"max-snippet:-1","max-image-preview":"max-image-preview:large","max-video-preview":"max-video-preview:-1"},"og_locale":"fr_FR","og_type":"article","og_title":"Formation tatouage sp\u00e9cial mariage - Marty Tatoo","og_description":"[vc_row][vc_column][vc_wp_text el_class=\u00a0\u00bbtextAvertFormation\u00a0\u00bb] Cette formation n\u2019est prodigu\u00e9e qu\u2019\u00e0 nos clientes ayant effectu\u00e9 le module 1er degr\u00e9 ou aux artistes tatoueuses poss\u00e9dant une bonne pratique. [\/vc_wp_text][\/vc_column][\/vc_row][vc_row equal_height=\u00a0\u00bb\u00a0\u00bb font_color=\u00a0\u00bbdark\u00a0\u00bb shift_y=\u00a0\u00bb0&Prime; z_index=\u00a0\u00bb0&Prime;][vc_column width=\u00a0\u00bb2\/3&Prime;][vc_column_text inline_style=\u00a0\u00bbtext-align: justify;margin-top: -2em;\u00a0\u00bb] PROGRAMME Formation Sp\u00e9cial Mariage paillette, poudre de diamant et flocon de cristal.\u00a0Cette formation est bas\u00e9e sur la r\u00e9alisation de pi\u00e8ces uniques \u00e9labor\u00e9es. LUNDI...continue reading","og_url":"https:\/\/pierre-delaunay.fr\/marty-tatoo\/formation-tatouage-special-mariage\/","og_site_name":"Marty Tatoo","article_publisher":"https:\/\/fr-fr.facebook.com\/AtelierMartyTatoo\/","article_modified_time":"2025-01-20T08:31:32+00:00","twitter_card":"summary_large_image","twitter_misc":{"Dur\u00e9e de lecture estim\u00e9e":"2 minutes"},"schema":{"@context":"https:\/\/schema.org","@graph":[{"@type":"WebPage","@id":"https:\/\/pierre-delaunay.fr\/marty-tatoo\/formation-tatouage-special-mariage\/","url":"https:\/\/pierre-delaunay.fr\/marty-tatoo\/formation-tatouage-special-mariage\/","name":"Formation tatouage sp\u00e9cial mariage - Marty Tatoo","isPartOf":{"@id":"https:\/\/pierre-delaunay.fr\/marty-tatoo\/#website"},"datePublished":"2018-02-26T13:03:19+00:00","dateModified":"2025-01-20T08:31:32+00:00","breadcrumb":{"@id":"https:\/\/pierre-delaunay.fr\/marty-tatoo\/formation-tatouage-special-mariage\/#breadcrumb"},"inLanguage":"fr-FR","potentialAction":[{"@type":"ReadAction","target":["https:\/\/pierre-delaunay.fr\/marty-tatoo\/formation-tatouage-special-mariage\/"]}]},{"@type":"BreadcrumbList","@id":"https:\/\/pierre-delaunay.fr\/marty-tatoo\/formation-tatouage-special-mariage\/#breadcrumb","itemListElement":[{"@type":"ListItem","position":1,"name":"Accueil","item":"https:\/\/pierre-delaunay.fr\/marty-tatoo\/"},{"@type":"ListItem","position":2,"name":"Formation tatouage sp\u00e9cial mariage"}]},{"@type":"WebSite","@id":"https:\/\/pierre-delaunay.fr\/marty-tatoo\/#website","url":"https:\/\/pierre-delaunay.fr\/marty-tatoo\/","name":"Marty Tatoo","description":"PARIS","publisher":{"@id":"https:\/\/pierre-delaunay.fr\/marty-tatoo\/#organization"},"potentialAction":[{"@type":"SearchAction","target":{"@type":"EntryPoint","urlTemplate":"https:\/\/pierre-delaunay.fr\/marty-tatoo\/?s={search_term_string}"},"query-input":{"@type":"PropertyValueSpecification","valueRequired":true,"valueName":"search_term_string"}}],"inLanguage":"fr-FR"},{"@type":"Organization","@id":"https:\/\/pierre-delaunay.fr\/marty-tatoo\/#organization","name":"Marty Tatoo","url":"https:\/\/pierre-delaunay.fr\/marty-tatoo\/","logo":{"@type":"ImageObject","inLanguage":"fr-FR","@id":"https:\/\/pierre-delaunay.fr\/marty-tatoo\/#\/schema\/logo\/image\/","url":"https:\/\/pierre-delaunay.fr\/marty-tatoo\/wp-content\/uploads\/logo-plien-png.png","contentUrl":"https:\/\/pierre-delaunay.fr\/marty-tatoo\/wp-content\/uploads\/logo-plien-png.png","width":154,"height":150,"caption":"Marty Tatoo"},"image":{"@id":"https:\/\/pierre-delaunay.fr\/marty-tatoo\/#\/schema\/logo\/image\/"},"sameAs":["https:\/\/fr-fr.facebook.com\/AtelierMartyTatoo\/","https:\/\/www.instagram.com\/martytatoo_officiel\/"]}]}},"_links":{"self":[{"href":"https:\/\/pierre-delaunay.fr\/marty-tatoo\/wp-json\/wp\/v2\/pages\/723","targetHints":{"allow":["GET"]}}],"collection":[{"href":"https:\/\/pierre-delaunay.fr\/marty-tatoo\/wp-json\/wp\/v2\/pages"}],"about":[{"href":"https:\/\/pierre-delaunay.fr\/marty-tatoo\/wp-json\/wp\/v2\/types\/page"}],"author":[{"embeddable":true,"href":"https:\/\/pierre-delaunay.fr\/marty-tatoo\/wp-json\/wp\/v2\/users\/1"}],"replies":[{"embeddable":true,"href":"https:\/\/pierre-delaunay.fr\/marty-tatoo\/wp-json\/wp\/v2\/comments?post=723"}],"version-history":[{"count":5,"href":"https:\/\/pierre-delaunay.fr\/marty-tatoo\/wp-json\/wp\/v2\/pages\/723\/revisions"}],"predecessor-version":[{"id":25165,"href":"https:\/\/pierre-delaunay.fr\/marty-tatoo\/wp-json\/wp\/v2\/pages\/723\/revisions\/25165"}],"wp:attachment":[{"href":"https:\/\/pierre-delaunay.fr\/marty-tatoo\/wp-json\/wp\/v2\/media?parent=723"}],"curies":[{"name":"wp","href":"https:\/\/api.w.org\/{rel}","templated":true}]}}