{"id":524,"date":"2019-01-05T23:23:18","date_gmt":"2019-01-05T22:23:18","guid":{"rendered":"http:\/\/martytatoo.paris\/?page_id=524"},"modified":"2024-12-28T14:56:33","modified_gmt":"2024-12-28T13:56:33","slug":"tatouage-definitif","status":"publish","type":"page","link":"https:\/\/pierre-delaunay.fr\/marty-tatoo\/tatouage-definitif\/","title":{"rendered":"Tatouage d\u00e9finitif"},"content":{"rendered":"<div class=\"wpb-content-wrapper\"><p>[vc_row][vc_column][vc_custom_heading text=\u00a0\u00bbUN TATOUAGE \u00c0 VOTRE IMAGE!\u00a0\u00bb font_size=\u00a0\u00bb72&Prime; font_weight=\u00a0\u00bb400&Prime; letter_spacing=\u00a0\u00bb0&Prime;][\/vc_column][\/vc_row][vc_row equal_height=\u00a0\u00bb\u00a0\u00bb font_color=\u00a0\u00bbdark\u00a0\u00bb shift_y=\u00a0\u00bb0&Prime; z_index=\u00a0\u00bb0&Prime;][vc_column width=\u00a0\u00bb2\/3&Prime;][vc_column_text inline_style=\u00a0\u00bbtext-align: justify;margin-top: 0;\u00a0\u00bb]<strong>Il est essentiel de prendre votre temps, prendre en compte votre sensibilit\u00e9 et nourrir votre d\u00e9cision, et si vous nous le permettez\u2026 de vous laisser guider.<\/strong><\/p>\n<p>Notre engagement est de r\u00e9aliser pour vous des tatouages tr\u00e8s personnalis\u00e9s, des pi\u00e8ces uniques effectu\u00e9es et r\u00e9alis\u00e9es avec finesse et d\u00e9licatesse. Vous donner notre temps est notre priorit\u00e9, aussi bien pour de grandes pi\u00e8ces que pour des petits tatouages. Nos artistes de talent s\u2019adaptent \u00e0 votre style ! La vari\u00e9t\u00e9 de comp\u00e9tences de nos tatoueuses dessinatrices \u00e0 l\u2019atelier peuvent r\u00e9pondre \u00e0 tout type de projet: oriental indien, floral, aquarelle, r\u00e9alisme, old school, g\u00e9om\u00e9trie, etc.<\/p>\n<p>Vous pouvez nous apporter vos propres dessins, ou pour vos cr\u00e9ations personnalis\u00e9es, deux formules vous sont propos\u00e9es :<\/p>\n<ul>\n<li>Des cr\u00e9ations dessin sur papier<\/li>\n<li>Des s\u00e9ances de cr\u00e9ation directement dessin\u00e9es sur corps en live (rendez-vous cr\u00e9a-corps).<\/li>\n<\/ul>\n<p><strong>NO COVER \u00e0 l\u2019atelier !<\/strong>\u00a0Nous aimons les d\u00e9fis et vous proposons la <a href=\"http:\/\/martytatoo.paris\/re-interpretation\/\">r\u00e9interpr\u00e9tation<\/a><strong>.<\/strong><\/p>\n<p>Prendre en compte les traits initiaux de votre ancien tatouage et ne pas vous engager sur une grosse pi\u00e8ce. Notre conseil : Venez nous rencontrer \u00e0 l\u2019atelier, trouver le petit d\u00e9tail qui n\u2019appartient qu\u2019\u00e0 vous fait partie de nos priorit\u00e9s. Prenez par t\u00e9l\u00e9phone ou par mail un <a href=\"http:\/\/martytatoo.paris\/contact\/\">rendez-vous<\/a> de premier contact sans engagement. Nous aimons vous recevoir, \u00eatre \u00e0 votre \u00e9coute, comprendre votre univers et votre sensibilit\u00e9 afin de r\u00e9pondre au mieux \u00e0 vos attentes. Nous pouvons aussi \u00e0 distance \u00e9laborer ensemble vos projets (email). Un doute sur la taille, sur l\u2019emplacement? Vous avez besoin de l\u2019essayer avant de faire le grand pas? Testez le tatouage \u00e9ph\u00e9m\u00e8re <a href=\"http:\/\/martytatoo.paris\/tatouage-jagua\/\">JAGUA<\/a>.<\/p>\n<p><strong>Tarif : <\/strong>Cr\u00e9ation papier et cr\u00e9ation cr\u00e9a-corps : \u00e0 partir de 60\u20ac minimum. Tatouage d\u00e9finitif \u00e0 partir de 120\u20ac. Ensuite le prix est d\u00e9termin\u00e9 selon la taille et la particularit\u00e9 du mod\u00e8le.<\/p>\n<p><strong>Retouche :\u00a0<\/strong>Chaque peau a sa particularit\u00e9 et nous consid\u00e9rons que les retouches font partie int\u00e9grante de notre engagement et de notre professionnalisme (retouche offerte).[\/vc_column_text][\/vc_column][vc_column width=\u00a0\u00bb1\/3&Prime;][vc_single_image image=\u00a0\u00bb1417&Prime; onclick=\u00a0\u00bblightbox\u00a0\u00bb full_size=\u00a0\u00bb1&Prime;]<section class='pricing-tables clearfix pricing-tables-2-cols' ><div class='pricing-table-inner'><ul><li class=\"pricing-table-title-cell\"><h3 class='pricing-table-title'>A partir de<\/h3><\/li><li class=\"pricing-table-main-content\"><span class='pricing-table-price'>120\u20ac<\/span><\/li><li class=\"pricing-table-button\"><a href='http:\/\/martytatoo.paris\/contact\/' target=''>Prendre rendez-vous<\/a><\/li><\/ul><\/div><\/section>[\/vc_column][\/vc_row][vc_row equal_height=\u00a0\u00bb\u00a0\u00bb font_color=\u00a0\u00bbdark\u00a0\u00bb shift_y=\u00a0\u00bb0&Prime; z_index=\u00a0\u00bb0&Prime;][vc_column][vc_gallery type=\u00a0\u00bbcarousel\u00a0\u00bb img_size=\u00a0\u00bb300&#215;537&Prime; slides_per_view=\u00a0\u00bb4&Prime; hover_effect=\u00a0\u00bbzoomin\u00a0\u00bb images=\u00a0\u00bb1432,9906,7761,9914,9905,9904,9907,8855,9903,8428,8431,5139,8434,3453,8433,5132,5131,4247,4248,3454,4205,4246,3587,3586,3588,3456,3455,2659,2952,3225,2949,2950,2951,2721,2534,2529,2530,2603,1392,2604,2656,2605,2606,2607,2602,2608,2609,2610,2615,2632,1410,1723,1743,1412,1744,1413,1742,1414,1054,1416,1417,1418,1419,1420,1421,1422,1425,1426,1427,1739&Prime;][\/vc_column][\/vc_row]<\/p>\n<\/div>","protected":false},"excerpt":{"rendered":"<p>[vc_row][vc_column][vc_custom_heading text=\u00a0\u00bbUN TATOUAGE \u00c0 VOTRE IMAGE!\u00a0\u00bb font_size=\u00a0\u00bb72&Prime; font_weight=\u00a0\u00bb400&Prime; letter_spacing=\u00a0\u00bb0&Prime;][\/vc_column][\/vc_row][vc_row equal_height=\u00a0\u00bb\u00a0\u00bb font_color=\u00a0\u00bbdark\u00a0\u00bb shift_y=\u00a0\u00bb0&Prime; z_index=\u00a0\u00bb0&Prime;][vc_column width=\u00a0\u00bb2\/3&Prime;][vc_column_text inline_style=\u00a0\u00bbtext-align: justify;margin-top: 0;\u00a0\u00bb]Il est essentiel de prendre votre temps, prendre en compte votre sensibilit\u00e9 et nourrir votre d\u00e9cision, et si vous nous le permettez\u2026 de vous laisser guider. Notre engagement est de r\u00e9aliser pour vous des tatouages tr\u00e8s personnalis\u00e9s, des pi\u00e8ces&#8230;<\/p>\n<p><a rel=\"bookmark\" class=\"tattoopress-button-text wvc-button wvc-button-size-sm\" href=\"https:\/\/pierre-delaunay.fr\/marty-tatoo\/tatouage-definitif\/\"><small class=\"wvc-button-background-fill\"><\/small><span>continue reading<\/span><\/a><\/p>\n","protected":false},"author":1,"featured_media":0,"parent":0,"menu_order":0,"comment_status":"closed","ping_status":"closed","template":"","meta":{"footnotes":""},"class_list":{"0":"post-524","1":"page","2":"type-page","3":"status-publish","4":"hentry","5":"entry","6":"clearfix","7":"entry-grid","8":"entry-columns-default","9":"entry-page-module-layout-standard","10":"no-post-thumbnail","11":"entry-page","13":"entry-page-grid"},"yoast_head":"<!-- This site is optimized with the Yoast SEO plugin v24.1 - https:\/\/yoast.com\/wordpress\/plugins\/seo\/ -->\n<title>Tatouage d\u00e9finitif - Marty Tatoo<\/title>\n<meta name=\"robots\" content=\"noindex, follow, max-snippet:-1, max-image-preview:large, max-video-preview:-1\" \/>\n<meta property=\"og:locale\" content=\"fr_FR\" \/>\n<meta property=\"og:type\" content=\"article\" \/>\n<meta property=\"og:title\" content=\"Tatouage d\u00e9finitif - Marty Tatoo\" \/>\n<meta property=\"og:description\" content=\"[vc_row][vc_column][vc_custom_heading text=\u00a0\u00bbUN TATOUAGE \u00c0 VOTRE IMAGE!\u00a0\u00bb font_size=\u00a0\u00bb72&Prime; font_weight=\u00a0\u00bb400&Prime; letter_spacing=\u00a0\u00bb0&Prime;][\/vc_column][\/vc_row][vc_row equal_height=\u00a0\u00bb\u00a0\u00bb font_color=\u00a0\u00bbdark\u00a0\u00bb shift_y=\u00a0\u00bb0&Prime; z_index=\u00a0\u00bb0&Prime;][vc_column width=\u00a0\u00bb2\/3&Prime;][vc_column_text inline_style=\u00a0\u00bbtext-align: justify;margin-top: 0;\u00a0\u00bb]Il est essentiel de prendre votre temps, prendre en compte votre sensibilit\u00e9 et nourrir votre d\u00e9cision, et si vous nous le permettez\u2026 de vous laisser guider. Notre engagement est de r\u00e9aliser pour vous des tatouages tr\u00e8s personnalis\u00e9s, des pi\u00e8ces...continue reading\" \/>\n<meta property=\"og:url\" content=\"https:\/\/pierre-delaunay.fr\/marty-tatoo\/tatouage-definitif\/\" \/>\n<meta property=\"og:site_name\" content=\"Marty Tatoo\" \/>\n<meta property=\"article:publisher\" content=\"https:\/\/fr-fr.facebook.com\/AtelierMartyTatoo\/\" \/>\n<meta property=\"article:modified_time\" content=\"2024-12-28T13:56:33+00:00\" \/>\n<meta name=\"twitter:card\" content=\"summary_large_image\" \/>\n<meta name=\"twitter:label1\" content=\"Dur\u00e9e de lecture estim\u00e9e\" \/>\n\t<meta name=\"twitter:data1\" content=\"2 minutes\" \/>\n<script type=\"application\/ld+json\" class=\"yoast-schema-graph\">{\"@context\":\"https:\/\/schema.org\",\"@graph\":[{\"@type\":\"WebPage\",\"@id\":\"https:\/\/pierre-delaunay.fr\/marty-tatoo\/tatouage-definitif\/\",\"url\":\"https:\/\/pierre-delaunay.fr\/marty-tatoo\/tatouage-definitif\/\",\"name\":\"Tatouage d\u00e9finitif - Marty Tatoo\",\"isPartOf\":{\"@id\":\"https:\/\/pierre-delaunay.fr\/marty-tatoo\/#website\"},\"datePublished\":\"2019-01-05T22:23:18+00:00\",\"dateModified\":\"2024-12-28T13:56:33+00:00\",\"breadcrumb\":{\"@id\":\"https:\/\/pierre-delaunay.fr\/marty-tatoo\/tatouage-definitif\/#breadcrumb\"},\"inLanguage\":\"fr-FR\",\"potentialAction\":[{\"@type\":\"ReadAction\",\"target\":[\"https:\/\/pierre-delaunay.fr\/marty-tatoo\/tatouage-definitif\/\"]}]},{\"@type\":\"BreadcrumbList\",\"@id\":\"https:\/\/pierre-delaunay.fr\/marty-tatoo\/tatouage-definitif\/#breadcrumb\",\"itemListElement\":[{\"@type\":\"ListItem\",\"position\":1,\"name\":\"Accueil\",\"item\":\"https:\/\/pierre-delaunay.fr\/marty-tatoo\/\"},{\"@type\":\"ListItem\",\"position\":2,\"name\":\"Tatouage d\u00e9finitif\"}]},{\"@type\":\"WebSite\",\"@id\":\"https:\/\/pierre-delaunay.fr\/marty-tatoo\/#website\",\"url\":\"https:\/\/pierre-delaunay.fr\/marty-tatoo\/\",\"name\":\"Marty Tatoo\",\"description\":\"PARIS\",\"publisher\":{\"@id\":\"https:\/\/pierre-delaunay.fr\/marty-tatoo\/#organization\"},\"potentialAction\":[{\"@type\":\"SearchAction\",\"target\":{\"@type\":\"EntryPoint\",\"urlTemplate\":\"https:\/\/pierre-delaunay.fr\/marty-tatoo\/?s={search_term_string}\"},\"query-input\":{\"@type\":\"PropertyValueSpecification\",\"valueRequired\":true,\"valueName\":\"search_term_string\"}}],\"inLanguage\":\"fr-FR\"},{\"@type\":\"Organization\",\"@id\":\"https:\/\/pierre-delaunay.fr\/marty-tatoo\/#organization\",\"name\":\"Marty Tatoo\",\"url\":\"https:\/\/pierre-delaunay.fr\/marty-tatoo\/\",\"logo\":{\"@type\":\"ImageObject\",\"inLanguage\":\"fr-FR\",\"@id\":\"https:\/\/pierre-delaunay.fr\/marty-tatoo\/#\/schema\/logo\/image\/\",\"url\":\"https:\/\/pierre-delaunay.fr\/marty-tatoo\/wp-content\/uploads\/logo-plien-png.png\",\"contentUrl\":\"https:\/\/pierre-delaunay.fr\/marty-tatoo\/wp-content\/uploads\/logo-plien-png.png\",\"width\":154,\"height\":150,\"caption\":\"Marty Tatoo\"},\"image\":{\"@id\":\"https:\/\/pierre-delaunay.fr\/marty-tatoo\/#\/schema\/logo\/image\/\"},\"sameAs\":[\"https:\/\/fr-fr.facebook.com\/AtelierMartyTatoo\/\",\"https:\/\/www.instagram.com\/martytatoo_officiel\/\"]}]}<\/script>\n<!-- \/ Yoast SEO plugin. -->","yoast_head_json":{"title":"Tatouage d\u00e9finitif - Marty Tatoo","robots":{"index":"noindex","follow":"follow","max-snippet":"max-snippet:-1","max-image-preview":"max-image-preview:large","max-video-preview":"max-video-preview:-1"},"og_locale":"fr_FR","og_type":"article","og_title":"Tatouage d\u00e9finitif - Marty Tatoo","og_description":"[vc_row][vc_column][vc_custom_heading text=\u00a0\u00bbUN TATOUAGE \u00c0 VOTRE IMAGE!\u00a0\u00bb font_size=\u00a0\u00bb72&Prime; font_weight=\u00a0\u00bb400&Prime; letter_spacing=\u00a0\u00bb0&Prime;][\/vc_column][\/vc_row][vc_row equal_height=\u00a0\u00bb\u00a0\u00bb font_color=\u00a0\u00bbdark\u00a0\u00bb shift_y=\u00a0\u00bb0&Prime; z_index=\u00a0\u00bb0&Prime;][vc_column width=\u00a0\u00bb2\/3&Prime;][vc_column_text inline_style=\u00a0\u00bbtext-align: justify;margin-top: 0;\u00a0\u00bb]Il est essentiel de prendre votre temps, prendre en compte votre sensibilit\u00e9 et nourrir votre d\u00e9cision, et si vous nous le permettez\u2026 de vous laisser guider. Notre engagement est de r\u00e9aliser pour vous des tatouages tr\u00e8s personnalis\u00e9s, des pi\u00e8ces...continue reading","og_url":"https:\/\/pierre-delaunay.fr\/marty-tatoo\/tatouage-definitif\/","og_site_name":"Marty Tatoo","article_publisher":"https:\/\/fr-fr.facebook.com\/AtelierMartyTatoo\/","article_modified_time":"2024-12-28T13:56:33+00:00","twitter_card":"summary_large_image","twitter_misc":{"Dur\u00e9e de lecture estim\u00e9e":"2 minutes"},"schema":{"@context":"https:\/\/schema.org","@graph":[{"@type":"WebPage","@id":"https:\/\/pierre-delaunay.fr\/marty-tatoo\/tatouage-definitif\/","url":"https:\/\/pierre-delaunay.fr\/marty-tatoo\/tatouage-definitif\/","name":"Tatouage d\u00e9finitif - Marty Tatoo","isPartOf":{"@id":"https:\/\/pierre-delaunay.fr\/marty-tatoo\/#website"},"datePublished":"2019-01-05T22:23:18+00:00","dateModified":"2024-12-28T13:56:33+00:00","breadcrumb":{"@id":"https:\/\/pierre-delaunay.fr\/marty-tatoo\/tatouage-definitif\/#breadcrumb"},"inLanguage":"fr-FR","potentialAction":[{"@type":"ReadAction","target":["https:\/\/pierre-delaunay.fr\/marty-tatoo\/tatouage-definitif\/"]}]},{"@type":"BreadcrumbList","@id":"https:\/\/pierre-delaunay.fr\/marty-tatoo\/tatouage-definitif\/#breadcrumb","itemListElement":[{"@type":"ListItem","position":1,"name":"Accueil","item":"https:\/\/pierre-delaunay.fr\/marty-tatoo\/"},{"@type":"ListItem","position":2,"name":"Tatouage d\u00e9finitif"}]},{"@type":"WebSite","@id":"https:\/\/pierre-delaunay.fr\/marty-tatoo\/#website","url":"https:\/\/pierre-delaunay.fr\/marty-tatoo\/","name":"Marty Tatoo","description":"PARIS","publisher":{"@id":"https:\/\/pierre-delaunay.fr\/marty-tatoo\/#organization"},"potentialAction":[{"@type":"SearchAction","target":{"@type":"EntryPoint","urlTemplate":"https:\/\/pierre-delaunay.fr\/marty-tatoo\/?s={search_term_string}"},"query-input":{"@type":"PropertyValueSpecification","valueRequired":true,"valueName":"search_term_string"}}],"inLanguage":"fr-FR"},{"@type":"Organization","@id":"https:\/\/pierre-delaunay.fr\/marty-tatoo\/#organization","name":"Marty Tatoo","url":"https:\/\/pierre-delaunay.fr\/marty-tatoo\/","logo":{"@type":"ImageObject","inLanguage":"fr-FR","@id":"https:\/\/pierre-delaunay.fr\/marty-tatoo\/#\/schema\/logo\/image\/","url":"https:\/\/pierre-delaunay.fr\/marty-tatoo\/wp-content\/uploads\/logo-plien-png.png","contentUrl":"https:\/\/pierre-delaunay.fr\/marty-tatoo\/wp-content\/uploads\/logo-plien-png.png","width":154,"height":150,"caption":"Marty Tatoo"},"image":{"@id":"https:\/\/pierre-delaunay.fr\/marty-tatoo\/#\/schema\/logo\/image\/"},"sameAs":["https:\/\/fr-fr.facebook.com\/AtelierMartyTatoo\/","https:\/\/www.instagram.com\/martytatoo_officiel\/"]}]}},"_links":{"self":[{"href":"https:\/\/pierre-delaunay.fr\/marty-tatoo\/wp-json\/wp\/v2\/pages\/524","targetHints":{"allow":["GET"]}}],"collection":[{"href":"https:\/\/pierre-delaunay.fr\/marty-tatoo\/wp-json\/wp\/v2\/pages"}],"about":[{"href":"https:\/\/pierre-delaunay.fr\/marty-tatoo\/wp-json\/wp\/v2\/types\/page"}],"author":[{"embeddable":true,"href":"https:\/\/pierre-delaunay.fr\/marty-tatoo\/wp-json\/wp\/v2\/users\/1"}],"replies":[{"embeddable":true,"href":"https:\/\/pierre-delaunay.fr\/marty-tatoo\/wp-json\/wp\/v2\/comments?post=524"}],"version-history":[{"count":5,"href":"https:\/\/pierre-delaunay.fr\/marty-tatoo\/wp-json\/wp\/v2\/pages\/524\/revisions"}],"predecessor-version":[{"id":25012,"href":"https:\/\/pierre-delaunay.fr\/marty-tatoo\/wp-json\/wp\/v2\/pages\/524\/revisions\/25012"}],"wp:attachment":[{"href":"https:\/\/pierre-delaunay.fr\/marty-tatoo\/wp-json\/wp\/v2\/media?parent=524"}],"curies":[{"name":"wp","href":"https:\/\/api.w.org\/{rel}","templated":true}]}}