{"id":5717,"date":"2022-04-18T15:22:40","date_gmt":"2022-04-18T13:22:40","guid":{"rendered":"https:\/\/lindsey-hotel-reunion.re\/i-pasti\/"},"modified":"2025-01-11T14:56:54","modified_gmt":"2025-01-11T13:56:54","slug":"i-pasti","status":"publish","type":"page","link":"https:\/\/pierre-delaunay.fr\/lindsey2\/i-pasti\/?lang=it","title":{"rendered":"I pasti"},"content":{"rendered":"\t\t<div data-elementor-type=\"wp-page\" data-elementor-id=\"5717\" class=\"elementor elementor-5717 elementor-4327\">\n\t\t\t\t\t\t<section class=\"elementor-section elementor-top-section elementor-element elementor-element-4293d08 elementor-section-boxed elementor-section-height-default elementor-section-height-default\" data-id=\"4293d08\" data-element_type=\"section\">\n\t\t\t\t\t\t<div class=\"elementor-container elementor-column-gap-default\">\n\t\t\t\t\t<div class=\"elementor-column elementor-col-50 elementor-top-column elementor-element elementor-element-9e07256\" data-id=\"9e07256\" data-element_type=\"column\">\n\t\t\t<div class=\"elementor-widget-wrap elementor-element-populated\">\n\t\t\t\t\t\t<div class=\"elementor-element elementor-element-f4240d2 elementor-widget elementor-widget-heading\" data-id=\"f4240d2\" data-element_type=\"widget\" data-widget_type=\"heading.default\">\n\t\t\t\t<div class=\"elementor-widget-container\">\n\t\t\t\t\t<h2 class=\"elementor-heading-title elementor-size-medium\">Colazione Continentale 15 \u20ac <br><i>(Buffet o Servizio in Camera)<\/i><\/h2>\t\t\t\t<\/div>\n\t\t\t\t<\/div>\n\t\t\t\t<section class=\"elementor-section elementor-inner-section elementor-element elementor-element-f649d4b elementor-section-boxed elementor-section-height-default elementor-section-height-default\" data-id=\"f649d4b\" data-element_type=\"section\">\n\t\t\t\t\t\t<div class=\"elementor-container elementor-column-gap-default\">\n\t\t\t\t\t<div class=\"elementor-column elementor-col-100 elementor-inner-column elementor-element elementor-element-b2e7648\" data-id=\"b2e7648\" data-element_type=\"column\">\n\t\t\t<div class=\"elementor-widget-wrap elementor-element-populated\">\n\t\t\t\t\t\t<div class=\"elementor-element elementor-element-7484acb elementor-widget elementor-widget-text-editor\" data-id=\"7484acb\" data-element_type=\"widget\" data-widget_type=\"text-editor.default\">\n\t\t\t\t<div class=\"elementor-widget-container\">\n\t\t\t\t\t\t\t\t\t<p data-sourcepos=\"5:1-5:40\">Questa colazione \u00e8 completa e comprende:<\/p>\n<ul data-sourcepos=\"7:1-14:0\">\n<li data-sourcepos=\"7:1-7:68\">Una bevanda calda (caff\u00e8, t\u00e8, latte, cioccolata, cappuccino&#8230;),<\/li>\n<li data-sourcepos=\"8:1-8:48\">Bevande fredde (acqua, succhi di frutta&#8230;),<\/li>\n<li data-sourcepos=\"9:1-9:192\">Prodotti da forno (pane in cassetta, pane fresco, pain au chocolat\/panino al cioccolato, croissant\/cornetto, pain aux raisins\/girella con uvetta, torsade au chocolat\/treccia al cioccolato)<\/li>\n<li data-sourcepos=\"10:1-10:128\">Pietanze salate preparate al momento (formaggi, salumi, uova al tegamino\/occhio di bue, omelette\/frittata, uova strapazzate)<\/li>\n<li data-sourcepos=\"11:1-11:76\">Dolci (cereali, frutta fresca, yogurt fatti in casa, composte di frutta)<\/li>\n<li data-sourcepos=\"12:1-12:29\">Burro e marmellate locali<\/li>\n<li data-sourcepos=\"13:1-14:0\">Pasticceria e\/o prodotti da forno di nostra produzione<\/li>\n<\/ul>\n\t\t\t\t\t\t\t\t<\/div>\n\t\t\t\t<\/div>\n\t\t\t\t\t<\/div>\n\t\t<\/div>\n\t\t\t\t\t<\/div>\n\t\t<\/section>\n\t\t\t\t\t<\/div>\n\t\t<\/div>\n\t\t\t\t<div class=\"elementor-column elementor-col-50 elementor-top-column elementor-element elementor-element-fbe3964\" data-id=\"fbe3964\" data-element_type=\"column\">\n\t\t\t<div class=\"elementor-widget-wrap elementor-element-populated\">\n\t\t\t\t\t\t<div class=\"elementor-element elementor-element-c7c3338 elementor-widget elementor-widget-heading\" data-id=\"c7c3338\" data-element_type=\"widget\" data-widget_type=\"heading.default\">\n\t\t\t\t<div class=\"elementor-widget-container\">\n\t\t\t\t\t<h2 class=\"elementor-heading-title elementor-size-medium\"><span style=\"font-size: 19px\">La collazione express 8\u20ac<\/span><br><i><b>(<\/b><\/i>servizio in piatti<i><b>)<\/b><\/i><\/h2>\t\t\t\t<\/div>\n\t\t\t\t<\/div>\n\t\t\t\t<section class=\"elementor-section elementor-inner-section elementor-element elementor-element-08c3308 elementor-section-boxed elementor-section-height-default elementor-section-height-default\" data-id=\"08c3308\" data-element_type=\"section\">\n\t\t\t\t\t\t<div class=\"elementor-container elementor-column-gap-default\">\n\t\t\t\t\t<div class=\"elementor-column elementor-col-100 elementor-inner-column elementor-element elementor-element-524dc7e\" data-id=\"524dc7e\" data-element_type=\"column\">\n\t\t\t<div class=\"elementor-widget-wrap elementor-element-populated\">\n\t\t\t\t\t\t<div class=\"elementor-element elementor-element-73ffbcc elementor-widget elementor-widget-text-editor\" data-id=\"73ffbcc\" data-element_type=\"widget\" data-widget_type=\"text-editor.default\">\n\t\t\t\t<div class=\"elementor-widget-container\">\n\t\t\t\t\t\t\t\t\t<p data-sourcepos=\"5:1-5:40\">Questa colazione \u00e8 completa e comprende:<\/p>\n<ul data-sourcepos=\"7:1-7:7\">\n<li data-sourcepos=\"7:1-7:7\">Una bevanda calda (caff\u00e8, t\u00e8, latte, cioccolata, cappuccino&#8230;),<\/li>\n<li data-sourcepos=\"8:1-8:43\">Bevande fredde (acqua, succhi di frutta&#8230;),<\/li>\n<li data-sourcepos=\"9:1-9:117\">Prodotti da forno (pane in cassetta\/tramezzino, pane fresco, pain au chocolat\/panino al cioccolato, croissant\/cornetto, pain aux raisins\/girella con uvetta),<\/li>\n<li data-sourcepos=\"10:1-10:28\">Piatto di frutta fresca,<\/li>\n<li data-sourcepos=\"11:1-12:0\">Burro e marmellate.<\/li>\n<\/ul>\n\t\t\t\t\t\t\t\t<\/div>\n\t\t\t\t<\/div>\n\t\t\t\t\t<\/div>\n\t\t<\/div>\n\t\t\t\t\t<\/div>\n\t\t<\/section>\n\t\t\t\t\t<\/div>\n\t\t<\/div>\n\t\t\t\t\t<\/div>\n\t\t<\/section>\n\t\t\t\t<section class=\"elementor-section elementor-top-section elementor-element elementor-element-869bd30 elementor-section-boxed elementor-section-height-default elementor-section-height-default\" data-id=\"869bd30\" data-element_type=\"section\">\n\t\t\t\t\t\t<div class=\"elementor-container elementor-column-gap-default\">\n\t\t\t\t\t<div class=\"elementor-column elementor-col-100 elementor-top-column elementor-element elementor-element-315dd9d\" data-id=\"315dd9d\" data-element_type=\"column\">\n\t\t\t<div class=\"elementor-widget-wrap elementor-element-populated\">\n\t\t\t\t\t\t<div class=\"elementor-element elementor-element-4b2de5f elementor-widget elementor-widget-heading\" data-id=\"4b2de5f\" data-element_type=\"widget\" data-widget_type=\"heading.default\">\n\t\t\t\t<div class=\"elementor-widget-container\">\n\t\t\t\t\t<h2 class=\"elementor-heading-title elementor-size-medium\">La cena  25\u20ac<\/h2>\t\t\t\t<\/div>\n\t\t\t\t<\/div>\n\t\t\t\t<div class=\"elementor-element elementor-element-c9961a0 elementor-widget elementor-widget-text-editor\" data-id=\"c9961a0\" data-element_type=\"widget\" data-widget_type=\"text-editor.default\">\n\t\t\t\t<div class=\"elementor-widget-container\">\n\t\t\t\t\t\t\t\t\t<h2 data-sourcepos=\"5:1-5:87\"><strong>Ristorante dell&rsquo;hotel \u00ab\u00a0Le Kascavel\u00a0\u00bb. Parzialmente aperto e disponibile su prenotazione.<\/strong><\/h2>\r\n<p data-sourcepos=\"7:1-7:27\">\u00c8 inoltre possibile cenare, su prenotazione, presso i nostri ristoranti partner:<\/p>\r\n<p data-sourcepos=\"9:1-9:61\">La cr\u00eaperie Saint-Georges, Le Moana, Le Cacaco, La D\u00e9tente&#8230;<\/p>\r\n<p data-sourcepos=\"11:1-11:78\">Su prenotazione, \u00e8 possibile organizzare un servizio in camera personalizzato.<\/p>\t\t\t\t\t\t\t\t<\/div>\n\t\t\t\t<\/div>\n\t\t\t\t\t<\/div>\n\t\t<\/div>\n\t\t\t\t\t<\/div>\n\t\t<\/section>\n\t\t\t\t<\/div>\n\t\t","protected":false},"excerpt":{"rendered":"<p>Colazione Continentale 15 \u20ac (Buffet o Servizio in Camera) Questa colazione \u00e8 completa e comprende: Una bevanda calda (caff\u00e8, t\u00e8, latte, cioccolata, cappuccino&#8230;), Bevande fredde (acqua, succhi di frutta&#8230;), Prodotti da forno (pane in cassetta, pane fresco, pain au chocolat\/panino al cioccolato, croissant\/cornetto, pain aux raisins\/girella con uvetta, torsade au chocolat\/treccia al cioccolato) Pietanze salate&#8230; <\/p>\n<div class=\"clear\"><\/div>\n<p><a href=\"https:\/\/pierre-delaunay.fr\/lindsey2\/i-pasti\/?lang=it\" class=\"excerpt-read-more\">Poursuivre la lecture<i class=\"fa fa-long-arrow-right icon-long-arrow-right\"><\/i><\/a><\/p>\n","protected":false},"author":1,"featured_media":4799,"parent":0,"menu_order":0,"comment_status":"closed","ping_status":"closed","template":"elementor_theme","meta":{"footnotes":""},"class_list":["post-5717","page","type-page","status-publish","has-post-thumbnail","hentry"],"yoast_head":"<!-- This site is optimized with the Yoast SEO plugin v26.8 - https:\/\/yoast.com\/product\/yoast-seo-wordpress\/ -->\n<title>I pasti - Lindsey H\u00f4tel<\/title>\n<meta name=\"robots\" content=\"noindex, follow, max-snippet:-1, max-image-preview:large, max-video-preview:-1\" \/>\n<meta property=\"og:locale\" content=\"fr_FR\" \/>\n<meta property=\"og:type\" content=\"article\" \/>\n<meta property=\"og:title\" content=\"I pasti - Lindsey H\u00f4tel\" \/>\n<meta property=\"og:description\" content=\"Colazione Continentale 15 \u20ac (Buffet o Servizio in Camera) Questa colazione \u00e8 completa e comprende: Una bevanda calda (caff\u00e8, t\u00e8, latte, cioccolata, cappuccino&#8230;), Bevande fredde (acqua, succhi di frutta&#8230;), Prodotti da forno (pane in cassetta, pane fresco, pain au chocolat\/panino al cioccolato, croissant\/cornetto, pain aux raisins\/girella con uvetta, torsade au chocolat\/treccia al cioccolato) Pietanze salate... Poursuivre la lecture\" \/>\n<meta property=\"og:url\" content=\"https:\/\/pierre-delaunay.fr\/lindsey2\/i-pasti\/?lang=it\" \/>\n<meta property=\"og:site_name\" content=\"Lindsey H\u00f4tel\" \/>\n<meta property=\"article:publisher\" content=\"https:\/\/www.facebook.com\/LeLindseyHotel\" \/>\n<meta property=\"article:modified_time\" content=\"2025-01-11T13:56:54+00:00\" \/>\n<meta property=\"og:image\" content=\"https:\/\/pierre-delaunay.fr\/lindsey2\/wp-content\/uploads\/2021\/03\/IMG_5929-2.jpg\" \/>\n\t<meta property=\"og:image:width\" content=\"1948\" \/>\n\t<meta property=\"og:image:height\" content=\"977\" \/>\n\t<meta property=\"og:image:type\" content=\"image\/jpeg\" \/>\n<meta name=\"twitter:card\" content=\"summary_large_image\" \/>\n<meta name=\"twitter:label1\" content=\"Dur\u00e9e de lecture estim\u00e9e\" \/>\n\t<meta name=\"twitter:data1\" content=\"1 minute\" \/>\n<script type=\"application\/ld+json\" class=\"yoast-schema-graph\">{\"@context\":\"https:\/\/schema.org\",\"@graph\":[{\"@type\":\"WebPage\",\"@id\":\"https:\/\/pierre-delaunay.fr\/lindsey2\/i-pasti\/?lang=it\",\"url\":\"https:\/\/pierre-delaunay.fr\/lindsey2\/i-pasti\/?lang=it\",\"name\":\"I pasti - Lindsey H\u00f4tel\",\"isPartOf\":{\"@id\":\"https:\/\/pierre-delaunay.fr\/lindsey2\/#website\"},\"primaryImageOfPage\":{\"@id\":\"https:\/\/pierre-delaunay.fr\/lindsey2\/i-pasti\/?lang=it#primaryimage\"},\"image\":{\"@id\":\"https:\/\/pierre-delaunay.fr\/lindsey2\/i-pasti\/?lang=it#primaryimage\"},\"thumbnailUrl\":\"https:\/\/pierre-delaunay.fr\/lindsey2\/wp-content\/uploads\/2021\/03\/IMG_5929-2.jpg\",\"datePublished\":\"2022-04-18T13:22:40+00:00\",\"dateModified\":\"2025-01-11T13:56:54+00:00\",\"breadcrumb\":{\"@id\":\"https:\/\/pierre-delaunay.fr\/lindsey2\/i-pasti\/?lang=it#breadcrumb\"},\"inLanguage\":\"fr-FR\",\"potentialAction\":[{\"@type\":\"ReadAction\",\"target\":[\"https:\/\/pierre-delaunay.fr\/lindsey2\/i-pasti\/?lang=it\"]}]},{\"@type\":\"ImageObject\",\"inLanguage\":\"fr-FR\",\"@id\":\"https:\/\/pierre-delaunay.fr\/lindsey2\/i-pasti\/?lang=it#primaryimage\",\"url\":\"https:\/\/pierre-delaunay.fr\/lindsey2\/wp-content\/uploads\/2021\/03\/IMG_5929-2.jpg\",\"contentUrl\":\"https:\/\/pierre-delaunay.fr\/lindsey2\/wp-content\/uploads\/2021\/03\/IMG_5929-2.jpg\",\"width\":1948,\"height\":977},{\"@type\":\"BreadcrumbList\",\"@id\":\"https:\/\/pierre-delaunay.fr\/lindsey2\/i-pasti\/?lang=it#breadcrumb\",\"itemListElement\":[{\"@type\":\"ListItem\",\"position\":1,\"name\":\"Accueil\",\"item\":\"https:\/\/pierre-delaunay.fr\/lindsey2\/\"},{\"@type\":\"ListItem\",\"position\":2,\"name\":\"I pasti\"}]},{\"@type\":\"WebSite\",\"@id\":\"https:\/\/pierre-delaunay.fr\/lindsey2\/#website\",\"url\":\"https:\/\/pierre-delaunay.fr\/lindsey2\/\",\"name\":\"Lindsey H\u00f4tel\",\"description\":\"\",\"publisher\":{\"@id\":\"https:\/\/pierre-delaunay.fr\/lindsey2\/#organization\"},\"potentialAction\":[{\"@type\":\"SearchAction\",\"target\":{\"@type\":\"EntryPoint\",\"urlTemplate\":\"https:\/\/pierre-delaunay.fr\/lindsey2\/?s={search_term_string}\"},\"query-input\":{\"@type\":\"PropertyValueSpecification\",\"valueRequired\":true,\"valueName\":\"search_term_string\"}}],\"inLanguage\":\"fr-FR\"},{\"@type\":\"Organization\",\"@id\":\"https:\/\/pierre-delaunay.fr\/lindsey2\/#organization\",\"name\":\"Lindsey H\u00f4tel\",\"url\":\"https:\/\/pierre-delaunay.fr\/lindsey2\/\",\"logo\":{\"@type\":\"ImageObject\",\"inLanguage\":\"fr-FR\",\"@id\":\"https:\/\/pierre-delaunay.fr\/lindsey2\/#\/schema\/logo\/image\/\",\"url\":\"https:\/\/pierre-delaunay.fr\/lindsey2\/wp-content\/uploads\/2021\/03\/cropped-Logo.jpg\",\"contentUrl\":\"https:\/\/pierre-delaunay.fr\/lindsey2\/wp-content\/uploads\/2021\/03\/cropped-Logo.jpg\",\"width\":512,\"height\":512,\"caption\":\"Lindsey H\u00f4tel\"},\"image\":{\"@id\":\"https:\/\/pierre-delaunay.fr\/lindsey2\/#\/schema\/logo\/image\/\"},\"sameAs\":[\"https:\/\/www.facebook.com\/LeLindseyHotel\"]}]}<\/script>\n<!-- \/ Yoast SEO plugin. -->","yoast_head_json":{"title":"I pasti - Lindsey H\u00f4tel","robots":{"index":"noindex","follow":"follow","max-snippet":"max-snippet:-1","max-image-preview":"max-image-preview:large","max-video-preview":"max-video-preview:-1"},"og_locale":"fr_FR","og_type":"article","og_title":"I pasti - Lindsey H\u00f4tel","og_description":"Colazione Continentale 15 \u20ac (Buffet o Servizio in Camera) Questa colazione \u00e8 completa e comprende: Una bevanda calda (caff\u00e8, t\u00e8, latte, cioccolata, cappuccino&#8230;), Bevande fredde (acqua, succhi di frutta&#8230;), Prodotti da forno (pane in cassetta, pane fresco, pain au chocolat\/panino al cioccolato, croissant\/cornetto, pain aux raisins\/girella con uvetta, torsade au chocolat\/treccia al cioccolato) Pietanze salate... Poursuivre la lecture","og_url":"https:\/\/pierre-delaunay.fr\/lindsey2\/i-pasti\/?lang=it","og_site_name":"Lindsey H\u00f4tel","article_publisher":"https:\/\/www.facebook.com\/LeLindseyHotel","article_modified_time":"2025-01-11T13:56:54+00:00","og_image":[{"width":1948,"height":977,"url":"https:\/\/pierre-delaunay.fr\/lindsey2\/wp-content\/uploads\/2021\/03\/IMG_5929-2.jpg","type":"image\/jpeg"}],"twitter_card":"summary_large_image","twitter_misc":{"Dur\u00e9e de lecture estim\u00e9e":"1 minute"},"schema":{"@context":"https:\/\/schema.org","@graph":[{"@type":"WebPage","@id":"https:\/\/pierre-delaunay.fr\/lindsey2\/i-pasti\/?lang=it","url":"https:\/\/pierre-delaunay.fr\/lindsey2\/i-pasti\/?lang=it","name":"I pasti - Lindsey H\u00f4tel","isPartOf":{"@id":"https:\/\/pierre-delaunay.fr\/lindsey2\/#website"},"primaryImageOfPage":{"@id":"https:\/\/pierre-delaunay.fr\/lindsey2\/i-pasti\/?lang=it#primaryimage"},"image":{"@id":"https:\/\/pierre-delaunay.fr\/lindsey2\/i-pasti\/?lang=it#primaryimage"},"thumbnailUrl":"https:\/\/pierre-delaunay.fr\/lindsey2\/wp-content\/uploads\/2021\/03\/IMG_5929-2.jpg","datePublished":"2022-04-18T13:22:40+00:00","dateModified":"2025-01-11T13:56:54+00:00","breadcrumb":{"@id":"https:\/\/pierre-delaunay.fr\/lindsey2\/i-pasti\/?lang=it#breadcrumb"},"inLanguage":"fr-FR","potentialAction":[{"@type":"ReadAction","target":["https:\/\/pierre-delaunay.fr\/lindsey2\/i-pasti\/?lang=it"]}]},{"@type":"ImageObject","inLanguage":"fr-FR","@id":"https:\/\/pierre-delaunay.fr\/lindsey2\/i-pasti\/?lang=it#primaryimage","url":"https:\/\/pierre-delaunay.fr\/lindsey2\/wp-content\/uploads\/2021\/03\/IMG_5929-2.jpg","contentUrl":"https:\/\/pierre-delaunay.fr\/lindsey2\/wp-content\/uploads\/2021\/03\/IMG_5929-2.jpg","width":1948,"height":977},{"@type":"BreadcrumbList","@id":"https:\/\/pierre-delaunay.fr\/lindsey2\/i-pasti\/?lang=it#breadcrumb","itemListElement":[{"@type":"ListItem","position":1,"name":"Accueil","item":"https:\/\/pierre-delaunay.fr\/lindsey2\/"},{"@type":"ListItem","position":2,"name":"I pasti"}]},{"@type":"WebSite","@id":"https:\/\/pierre-delaunay.fr\/lindsey2\/#website","url":"https:\/\/pierre-delaunay.fr\/lindsey2\/","name":"Lindsey H\u00f4tel","description":"","publisher":{"@id":"https:\/\/pierre-delaunay.fr\/lindsey2\/#organization"},"potentialAction":[{"@type":"SearchAction","target":{"@type":"EntryPoint","urlTemplate":"https:\/\/pierre-delaunay.fr\/lindsey2\/?s={search_term_string}"},"query-input":{"@type":"PropertyValueSpecification","valueRequired":true,"valueName":"search_term_string"}}],"inLanguage":"fr-FR"},{"@type":"Organization","@id":"https:\/\/pierre-delaunay.fr\/lindsey2\/#organization","name":"Lindsey H\u00f4tel","url":"https:\/\/pierre-delaunay.fr\/lindsey2\/","logo":{"@type":"ImageObject","inLanguage":"fr-FR","@id":"https:\/\/pierre-delaunay.fr\/lindsey2\/#\/schema\/logo\/image\/","url":"https:\/\/pierre-delaunay.fr\/lindsey2\/wp-content\/uploads\/2021\/03\/cropped-Logo.jpg","contentUrl":"https:\/\/pierre-delaunay.fr\/lindsey2\/wp-content\/uploads\/2021\/03\/cropped-Logo.jpg","width":512,"height":512,"caption":"Lindsey H\u00f4tel"},"image":{"@id":"https:\/\/pierre-delaunay.fr\/lindsey2\/#\/schema\/logo\/image\/"},"sameAs":["https:\/\/www.facebook.com\/LeLindseyHotel"]}]}},"_links":{"self":[{"href":"https:\/\/pierre-delaunay.fr\/lindsey2\/wp-json\/wp\/v2\/pages\/5717","targetHints":{"allow":["GET"]}}],"collection":[{"href":"https:\/\/pierre-delaunay.fr\/lindsey2\/wp-json\/wp\/v2\/pages"}],"about":[{"href":"https:\/\/pierre-delaunay.fr\/lindsey2\/wp-json\/wp\/v2\/types\/page"}],"author":[{"embeddable":true,"href":"https:\/\/pierre-delaunay.fr\/lindsey2\/wp-json\/wp\/v2\/users\/1"}],"replies":[{"embeddable":true,"href":"https:\/\/pierre-delaunay.fr\/lindsey2\/wp-json\/wp\/v2\/comments?post=5717"}],"version-history":[{"count":3,"href":"https:\/\/pierre-delaunay.fr\/lindsey2\/wp-json\/wp\/v2\/pages\/5717\/revisions"}],"predecessor-version":[{"id":6860,"href":"https:\/\/pierre-delaunay.fr\/lindsey2\/wp-json\/wp\/v2\/pages\/5717\/revisions\/6860"}],"wp:featuredmedia":[{"embeddable":true,"href":"https:\/\/pierre-delaunay.fr\/lindsey2\/wp-json\/wp\/v2\/media\/4799"}],"wp:attachment":[{"href":"https:\/\/pierre-delaunay.fr\/lindsey2\/wp-json\/wp\/v2\/media?parent=5717"}],"curies":[{"name":"wp","href":"https:\/\/api.w.org\/{rel}","templated":true}]}}