{"id":5134,"date":"2021-05-11T10:52:32","date_gmt":"2021-05-11T08:52:32","guid":{"rendered":"https:\/\/lindsey-hotel-reunion.re\/?page_id=5134"},"modified":"2025-01-12T09:11:16","modified_gmt":"2025-01-12T08:11:16","slug":"reservations-de-groupe","status":"publish","type":"page","link":"https:\/\/pierre-delaunay.fr\/lindsey2\/reservations-de-groupe\/","title":{"rendered":"R\u00e9servations de groupe"},"content":{"rendered":"\t\t<div data-elementor-type=\"wp-page\" data-elementor-id=\"5134\" class=\"elementor elementor-5134\">\n\t\t\t\t\t\t<section class=\"elementor-section elementor-top-section elementor-element elementor-element-4e01b71 elementor-section-boxed elementor-section-height-default elementor-section-height-default\" data-id=\"4e01b71\" data-element_type=\"section\">\n\t\t\t\t\t\t<div class=\"elementor-container elementor-column-gap-default\">\n\t\t\t\t\t<div class=\"elementor-column elementor-col-100 elementor-top-column elementor-element elementor-element-485a687\" data-id=\"485a687\" data-element_type=\"column\">\n\t\t\t<div class=\"elementor-widget-wrap elementor-element-populated\">\n\t\t\t\t\t\t<div class=\"elementor-element elementor-element-bb18fb7 elementor-widget-divider--view-line elementor-widget elementor-widget-divider\" data-id=\"bb18fb7\" data-element_type=\"widget\" data-widget_type=\"divider.default\">\n\t\t\t\t<div class=\"elementor-widget-container\">\n\t\t\t\t\t\t\t<div class=\"elementor-divider\">\n\t\t\t<span class=\"elementor-divider-separator\">\n\t\t\t\t\t\t<\/span>\n\t\t<\/div>\n\t\t\t\t\t\t<\/div>\n\t\t\t\t<\/div>\n\t\t\t\t\t<\/div>\n\t\t<\/div>\n\t\t\t\t\t<\/div>\n\t\t<\/section>\n\t\t\t\t<section class=\"elementor-section elementor-top-section elementor-element elementor-element-b109299 elementor-section-boxed elementor-section-height-default elementor-section-height-default\" data-id=\"b109299\" data-element_type=\"section\">\n\t\t\t\t\t\t<div class=\"elementor-container elementor-column-gap-default\">\n\t\t\t\t\t<div class=\"elementor-column elementor-col-33 elementor-top-column elementor-element elementor-element-021c405\" data-id=\"021c405\" data-element_type=\"column\">\n\t\t\t<div class=\"elementor-widget-wrap elementor-element-populated\">\n\t\t\t\t\t\t<div class=\"elementor-element elementor-element-86d94db elementor-widget elementor-widget-image\" data-id=\"86d94db\" data-element_type=\"widget\" data-widget_type=\"image.default\">\n\t\t\t\t<div class=\"elementor-widget-container\">\n\t\t\t\t\t\t\t\t\t\t\t\t\t\t\t<img fetchpriority=\"high\" decoding=\"async\" width=\"768\" height=\"1368\" src=\"https:\/\/pierre-delaunay.fr\/lindsey2\/wp-content\/uploads\/2022\/09\/InShot_20220919_193947475-768x1368.jpg\" class=\"attachment-medium_large size-medium_large wp-image-6016\" alt=\"\" srcset=\"https:\/\/pierre-delaunay.fr\/lindsey2\/wp-content\/uploads\/2022\/09\/InShot_20220919_193947475-768x1368.jpg 768w, https:\/\/pierre-delaunay.fr\/lindsey2\/wp-content\/uploads\/2022\/09\/InShot_20220919_193947475-168x300.jpg 168w, https:\/\/pierre-delaunay.fr\/lindsey2\/wp-content\/uploads\/2022\/09\/InShot_20220919_193947475-575x1024.jpg 575w, https:\/\/pierre-delaunay.fr\/lindsey2\/wp-content\/uploads\/2022\/09\/InShot_20220919_193947475-862x1536.jpg 862w, https:\/\/pierre-delaunay.fr\/lindsey2\/wp-content\/uploads\/2022\/09\/InShot_20220919_193947475-1150x2048.jpg 1150w, https:\/\/pierre-delaunay.fr\/lindsey2\/wp-content\/uploads\/2022\/09\/InShot_20220919_193947475-scaled.jpg 1437w\" sizes=\"(max-width: 768px) 100vw, 768px\" \/>\t\t\t\t\t\t\t\t\t\t\t\t\t\t\t<\/div>\n\t\t\t\t<\/div>\n\t\t\t\t\t<\/div>\n\t\t<\/div>\n\t\t\t\t<div class=\"elementor-column elementor-col-66 elementor-top-column elementor-element elementor-element-f54c888\" data-id=\"f54c888\" data-element_type=\"column\">\n\t\t\t<div class=\"elementor-widget-wrap elementor-element-populated\">\n\t\t\t\t\t\t<div class=\"elementor-element elementor-element-ba57b49 elementor-widget elementor-widget-heading\" data-id=\"ba57b49\" data-element_type=\"widget\" data-widget_type=\"heading.default\">\n\t\t\t\t<div class=\"elementor-widget-container\">\n\t\t\t\t\t<h2 class=\"elementor-heading-title elementor-size-medium\">R\u00e9servations de groupes<\/h2>\t\t\t\t<\/div>\n\t\t\t\t<\/div>\n\t\t\t\t<div class=\"elementor-element elementor-element-e112ff5 elementor-widget elementor-widget-text-editor\" data-id=\"e112ff5\" data-element_type=\"widget\" data-widget_type=\"text-editor.default\">\n\t\t\t\t<div class=\"elementor-widget-container\">\n\t\t\t\t\t\t\t\t\t<p><b>Personnel :<\/b> Un anniversaire ? Un Rogaton (Retour de Noces) ? Un enterrement de vie de jeunes filles ou jeunes gar\u00e7ons? Tout est possible au bord de la piscine, avec et sans h\u00e9bergements<\/p><p><b>Professionnel : <\/b>Nous disposons de la Wifi et d&rsquo;un espace pouvant \u00eatre d\u00e9di\u00e9 au co-working pour un maximum de 6 personnes<\/p><p>Contactez-nous pour \u00e9tablir un devis<\/p>\t\t\t\t\t\t\t\t<\/div>\n\t\t\t\t<\/div>\n\t\t\t\t\t<\/div>\n\t\t<\/div>\n\t\t\t\t\t<\/div>\n\t\t<\/section>\n\t\t\t\t<section class=\"elementor-section elementor-top-section elementor-element elementor-element-2040d6d elementor-section-boxed elementor-section-height-default elementor-section-height-default\" data-id=\"2040d6d\" data-element_type=\"section\">\n\t\t\t\t\t\t<div class=\"elementor-container elementor-column-gap-default\">\n\t\t\t\t\t<div class=\"elementor-column elementor-col-33 elementor-top-column elementor-element elementor-element-c5b089b\" data-id=\"c5b089b\" data-element_type=\"column\">\n\t\t\t<div class=\"elementor-widget-wrap elementor-element-populated\">\n\t\t\t\t\t\t<div class=\"elementor-element elementor-element-25154a8 elementor-widget elementor-widget-image\" data-id=\"25154a8\" data-element_type=\"widget\" data-widget_type=\"image.default\">\n\t\t\t\t<div class=\"elementor-widget-container\">\n\t\t\t\t\t\t\t\t\t\t\t\t\t\t\t<img decoding=\"async\" width=\"960\" height=\"539\" src=\"https:\/\/pierre-delaunay.fr\/lindsey2\/wp-content\/uploads\/2022\/09\/InShot_20220919_193518438-1024x575.jpg\" class=\"attachment-large size-large wp-image-6022\" alt=\"\" srcset=\"https:\/\/pierre-delaunay.fr\/lindsey2\/wp-content\/uploads\/2022\/09\/InShot_20220919_193518438-1024x575.jpg 1024w, https:\/\/pierre-delaunay.fr\/lindsey2\/wp-content\/uploads\/2022\/09\/InShot_20220919_193518438-300x168.jpg 300w, https:\/\/pierre-delaunay.fr\/lindsey2\/wp-content\/uploads\/2022\/09\/InShot_20220919_193518438-768x431.jpg 768w, https:\/\/pierre-delaunay.fr\/lindsey2\/wp-content\/uploads\/2022\/09\/InShot_20220919_193518438-1536x862.jpg 1536w, https:\/\/pierre-delaunay.fr\/lindsey2\/wp-content\/uploads\/2022\/09\/InShot_20220919_193518438-2048x1150.jpg 2048w\" sizes=\"(max-width: 960px) 100vw, 960px\" \/>\t\t\t\t\t\t\t\t\t\t\t\t\t\t\t<\/div>\n\t\t\t\t<\/div>\n\t\t\t\t\t<\/div>\n\t\t<\/div>\n\t\t\t\t<div class=\"elementor-column elementor-col-33 elementor-top-column elementor-element elementor-element-a53af48\" data-id=\"a53af48\" data-element_type=\"column\">\n\t\t\t<div class=\"elementor-widget-wrap elementor-element-populated\">\n\t\t\t\t\t\t<div class=\"elementor-element elementor-element-e8e2d00 elementor-widget elementor-widget-image\" data-id=\"e8e2d00\" data-element_type=\"widget\" data-widget_type=\"image.default\">\n\t\t\t\t<div class=\"elementor-widget-container\">\n\t\t\t\t\t\t\t\t\t\t\t\t\t\t\t<img decoding=\"async\" width=\"242\" height=\"300\" src=\"https:\/\/pierre-delaunay.fr\/lindsey2\/wp-content\/uploads\/2022\/09\/1663668167635-242x300.jpg\" class=\"attachment-medium size-medium wp-image-6019\" alt=\"\" srcset=\"https:\/\/pierre-delaunay.fr\/lindsey2\/wp-content\/uploads\/2022\/09\/1663668167635-242x300.jpg 242w, https:\/\/pierre-delaunay.fr\/lindsey2\/wp-content\/uploads\/2022\/09\/1663668167635-827x1024.jpg 827w, https:\/\/pierre-delaunay.fr\/lindsey2\/wp-content\/uploads\/2022\/09\/1663668167635-768x950.jpg 768w, https:\/\/pierre-delaunay.fr\/lindsey2\/wp-content\/uploads\/2022\/09\/1663668167635-1241x1536.jpg 1241w, https:\/\/pierre-delaunay.fr\/lindsey2\/wp-content\/uploads\/2022\/09\/1663668167635-1655x2048.jpg 1655w\" sizes=\"(max-width: 242px) 100vw, 242px\" \/>\t\t\t\t\t\t\t\t\t\t\t\t\t\t\t<\/div>\n\t\t\t\t<\/div>\n\t\t\t\t\t<\/div>\n\t\t<\/div>\n\t\t\t\t<div class=\"elementor-column elementor-col-33 elementor-top-column elementor-element elementor-element-4f23ac5\" data-id=\"4f23ac5\" data-element_type=\"column\">\n\t\t\t<div class=\"elementor-widget-wrap elementor-element-populated\">\n\t\t\t\t\t\t<div class=\"elementor-element elementor-element-8eb2882 elementor-widget elementor-widget-image\" data-id=\"8eb2882\" data-element_type=\"widget\" data-widget_type=\"image.default\">\n\t\t\t\t<div class=\"elementor-widget-container\">\n\t\t\t\t\t\t\t\t\t\t\t\t\t\t\t<img loading=\"lazy\" decoding=\"async\" width=\"960\" height=\"640\" src=\"https:\/\/pierre-delaunay.fr\/lindsey2\/wp-content\/uploads\/2022\/09\/InShot_20220919_194536153-1024x683.jpg\" class=\"attachment-large size-large wp-image-6025\" alt=\"\" srcset=\"https:\/\/pierre-delaunay.fr\/lindsey2\/wp-content\/uploads\/2022\/09\/InShot_20220919_194536153-1024x683.jpg 1024w, https:\/\/pierre-delaunay.fr\/lindsey2\/wp-content\/uploads\/2022\/09\/InShot_20220919_194536153-300x200.jpg 300w, https:\/\/pierre-delaunay.fr\/lindsey2\/wp-content\/uploads\/2022\/09\/InShot_20220919_194536153-768x512.jpg 768w, https:\/\/pierre-delaunay.fr\/lindsey2\/wp-content\/uploads\/2022\/09\/InShot_20220919_194536153-1536x1024.jpg 1536w, https:\/\/pierre-delaunay.fr\/lindsey2\/wp-content\/uploads\/2022\/09\/InShot_20220919_194536153-2048x1365.jpg 2048w\" sizes=\"(max-width: 960px) 100vw, 960px\" \/>\t\t\t\t\t\t\t\t\t\t\t\t\t\t\t<\/div>\n\t\t\t\t<\/div>\n\t\t\t\t\t<\/div>\n\t\t<\/div>\n\t\t\t\t\t<\/div>\n\t\t<\/section>\n\t\t\t\t<\/div>\n\t\t","protected":false},"excerpt":{"rendered":"<p>R\u00e9servations de groupes Personnel : Un anniversaire ? Un Rogaton (Retour de Noces) ? Un enterrement de vie de jeunes filles ou jeunes gar\u00e7ons? Tout est possible au bord de la piscine, avec et sans h\u00e9bergements Professionnel : Nous disposons de la Wifi et d&rsquo;un espace pouvant \u00eatre d\u00e9di\u00e9 au co-working pour un maximum de&#8230; <\/p>\n<div class=\"clear\"><\/div>\n<p><a href=\"https:\/\/pierre-delaunay.fr\/lindsey2\/reservations-de-groupe\/\" class=\"excerpt-read-more\">Poursuivre la lecture<i class=\"fa fa-long-arrow-right icon-long-arrow-right\"><\/i><\/a><\/p>\n","protected":false},"author":1,"featured_media":0,"parent":0,"menu_order":0,"comment_status":"closed","ping_status":"closed","template":"","meta":{"footnotes":""},"class_list":["post-5134","page","type-page","status-publish","hentry"],"yoast_head":"<!-- This site is optimized with the Yoast SEO plugin v26.8 - https:\/\/yoast.com\/product\/yoast-seo-wordpress\/ -->\n<title>R\u00e9servations de groupe - Lindsey H\u00f4tel<\/title>\n<meta name=\"robots\" content=\"noindex, follow, max-snippet:-1, max-image-preview:large, max-video-preview:-1\" \/>\n<meta property=\"og:locale\" content=\"fr_FR\" \/>\n<meta property=\"og:type\" content=\"article\" \/>\n<meta property=\"og:title\" content=\"R\u00e9servations de groupe - Lindsey H\u00f4tel\" \/>\n<meta property=\"og:description\" content=\"R\u00e9servations de groupes Personnel : Un anniversaire ? Un Rogaton (Retour de Noces) ? Un enterrement de vie de jeunes filles ou jeunes gar\u00e7ons? Tout est possible au bord de la piscine, avec et sans h\u00e9bergements Professionnel : Nous disposons de la Wifi et d&rsquo;un espace pouvant \u00eatre d\u00e9di\u00e9 au co-working pour un maximum de... Poursuivre la lecture\" \/>\n<meta property=\"og:url\" content=\"https:\/\/pierre-delaunay.fr\/lindsey2\/reservations-de-groupe\/\" \/>\n<meta property=\"og:site_name\" content=\"Lindsey H\u00f4tel\" \/>\n<meta property=\"article:publisher\" content=\"https:\/\/www.facebook.com\/LeLindseyHotel\" \/>\n<meta property=\"article:modified_time\" content=\"2025-01-12T08:11:16+00:00\" \/>\n<meta property=\"og:image\" content=\"https:\/\/lindsey-hotel-reunion.re\/wp-content\/uploads\/2022\/09\/InShot_20220919_193947475-768x1368.jpg\" \/>\n<meta name=\"twitter:card\" content=\"summary_large_image\" \/>\n<script type=\"application\/ld+json\" class=\"yoast-schema-graph\">{\"@context\":\"https:\/\/schema.org\",\"@graph\":[{\"@type\":\"WebPage\",\"@id\":\"https:\/\/pierre-delaunay.fr\/lindsey2\/reservations-de-groupe\/\",\"url\":\"https:\/\/pierre-delaunay.fr\/lindsey2\/reservations-de-groupe\/\",\"name\":\"R\u00e9servations de groupe - Lindsey H\u00f4tel\",\"isPartOf\":{\"@id\":\"https:\/\/pierre-delaunay.fr\/lindsey2\/#website\"},\"primaryImageOfPage\":{\"@id\":\"https:\/\/pierre-delaunay.fr\/lindsey2\/reservations-de-groupe\/#primaryimage\"},\"image\":{\"@id\":\"https:\/\/pierre-delaunay.fr\/lindsey2\/reservations-de-groupe\/#primaryimage\"},\"thumbnailUrl\":\"https:\/\/lindsey-hotel-reunion.re\/wp-content\/uploads\/2022\/09\/InShot_20220919_193947475-768x1368.jpg\",\"datePublished\":\"2021-05-11T08:52:32+00:00\",\"dateModified\":\"2025-01-12T08:11:16+00:00\",\"breadcrumb\":{\"@id\":\"https:\/\/pierre-delaunay.fr\/lindsey2\/reservations-de-groupe\/#breadcrumb\"},\"inLanguage\":\"fr-FR\",\"potentialAction\":[{\"@type\":\"ReadAction\",\"target\":[\"https:\/\/pierre-delaunay.fr\/lindsey2\/reservations-de-groupe\/\"]}]},{\"@type\":\"ImageObject\",\"inLanguage\":\"fr-FR\",\"@id\":\"https:\/\/pierre-delaunay.fr\/lindsey2\/reservations-de-groupe\/#primaryimage\",\"url\":\"https:\/\/lindsey-hotel-reunion.re\/wp-content\/uploads\/2022\/09\/InShot_20220919_193947475-768x1368.jpg\",\"contentUrl\":\"https:\/\/lindsey-hotel-reunion.re\/wp-content\/uploads\/2022\/09\/InShot_20220919_193947475-768x1368.jpg\"},{\"@type\":\"BreadcrumbList\",\"@id\":\"https:\/\/pierre-delaunay.fr\/lindsey2\/reservations-de-groupe\/#breadcrumb\",\"itemListElement\":[{\"@type\":\"ListItem\",\"position\":1,\"name\":\"Accueil\",\"item\":\"https:\/\/pierre-delaunay.fr\/lindsey2\/\"},{\"@type\":\"ListItem\",\"position\":2,\"name\":\"R\u00e9servations de groupe\"}]},{\"@type\":\"WebSite\",\"@id\":\"https:\/\/pierre-delaunay.fr\/lindsey2\/#website\",\"url\":\"https:\/\/pierre-delaunay.fr\/lindsey2\/\",\"name\":\"Lindsey H\u00f4tel\",\"description\":\"\",\"publisher\":{\"@id\":\"https:\/\/pierre-delaunay.fr\/lindsey2\/#organization\"},\"potentialAction\":[{\"@type\":\"SearchAction\",\"target\":{\"@type\":\"EntryPoint\",\"urlTemplate\":\"https:\/\/pierre-delaunay.fr\/lindsey2\/?s={search_term_string}\"},\"query-input\":{\"@type\":\"PropertyValueSpecification\",\"valueRequired\":true,\"valueName\":\"search_term_string\"}}],\"inLanguage\":\"fr-FR\"},{\"@type\":\"Organization\",\"@id\":\"https:\/\/pierre-delaunay.fr\/lindsey2\/#organization\",\"name\":\"Lindsey H\u00f4tel\",\"url\":\"https:\/\/pierre-delaunay.fr\/lindsey2\/\",\"logo\":{\"@type\":\"ImageObject\",\"inLanguage\":\"fr-FR\",\"@id\":\"https:\/\/pierre-delaunay.fr\/lindsey2\/#\/schema\/logo\/image\/\",\"url\":\"https:\/\/pierre-delaunay.fr\/lindsey2\/wp-content\/uploads\/2021\/03\/cropped-Logo.jpg\",\"contentUrl\":\"https:\/\/pierre-delaunay.fr\/lindsey2\/wp-content\/uploads\/2021\/03\/cropped-Logo.jpg\",\"width\":512,\"height\":512,\"caption\":\"Lindsey H\u00f4tel\"},\"image\":{\"@id\":\"https:\/\/pierre-delaunay.fr\/lindsey2\/#\/schema\/logo\/image\/\"},\"sameAs\":[\"https:\/\/www.facebook.com\/LeLindseyHotel\"]}]}<\/script>\n<!-- \/ Yoast SEO plugin. -->","yoast_head_json":{"title":"R\u00e9servations de groupe - Lindsey H\u00f4tel","robots":{"index":"noindex","follow":"follow","max-snippet":"max-snippet:-1","max-image-preview":"max-image-preview:large","max-video-preview":"max-video-preview:-1"},"og_locale":"fr_FR","og_type":"article","og_title":"R\u00e9servations de groupe - Lindsey H\u00f4tel","og_description":"R\u00e9servations de groupes Personnel : Un anniversaire ? Un Rogaton (Retour de Noces) ? Un enterrement de vie de jeunes filles ou jeunes gar\u00e7ons? Tout est possible au bord de la piscine, avec et sans h\u00e9bergements Professionnel : Nous disposons de la Wifi et d&rsquo;un espace pouvant \u00eatre d\u00e9di\u00e9 au co-working pour un maximum de... Poursuivre la lecture","og_url":"https:\/\/pierre-delaunay.fr\/lindsey2\/reservations-de-groupe\/","og_site_name":"Lindsey H\u00f4tel","article_publisher":"https:\/\/www.facebook.com\/LeLindseyHotel","article_modified_time":"2025-01-12T08:11:16+00:00","og_image":[{"url":"https:\/\/lindsey-hotel-reunion.re\/wp-content\/uploads\/2022\/09\/InShot_20220919_193947475-768x1368.jpg","type":"","width":"","height":""}],"twitter_card":"summary_large_image","schema":{"@context":"https:\/\/schema.org","@graph":[{"@type":"WebPage","@id":"https:\/\/pierre-delaunay.fr\/lindsey2\/reservations-de-groupe\/","url":"https:\/\/pierre-delaunay.fr\/lindsey2\/reservations-de-groupe\/","name":"R\u00e9servations de groupe - Lindsey H\u00f4tel","isPartOf":{"@id":"https:\/\/pierre-delaunay.fr\/lindsey2\/#website"},"primaryImageOfPage":{"@id":"https:\/\/pierre-delaunay.fr\/lindsey2\/reservations-de-groupe\/#primaryimage"},"image":{"@id":"https:\/\/pierre-delaunay.fr\/lindsey2\/reservations-de-groupe\/#primaryimage"},"thumbnailUrl":"https:\/\/lindsey-hotel-reunion.re\/wp-content\/uploads\/2022\/09\/InShot_20220919_193947475-768x1368.jpg","datePublished":"2021-05-11T08:52:32+00:00","dateModified":"2025-01-12T08:11:16+00:00","breadcrumb":{"@id":"https:\/\/pierre-delaunay.fr\/lindsey2\/reservations-de-groupe\/#breadcrumb"},"inLanguage":"fr-FR","potentialAction":[{"@type":"ReadAction","target":["https:\/\/pierre-delaunay.fr\/lindsey2\/reservations-de-groupe\/"]}]},{"@type":"ImageObject","inLanguage":"fr-FR","@id":"https:\/\/pierre-delaunay.fr\/lindsey2\/reservations-de-groupe\/#primaryimage","url":"https:\/\/lindsey-hotel-reunion.re\/wp-content\/uploads\/2022\/09\/InShot_20220919_193947475-768x1368.jpg","contentUrl":"https:\/\/lindsey-hotel-reunion.re\/wp-content\/uploads\/2022\/09\/InShot_20220919_193947475-768x1368.jpg"},{"@type":"BreadcrumbList","@id":"https:\/\/pierre-delaunay.fr\/lindsey2\/reservations-de-groupe\/#breadcrumb","itemListElement":[{"@type":"ListItem","position":1,"name":"Accueil","item":"https:\/\/pierre-delaunay.fr\/lindsey2\/"},{"@type":"ListItem","position":2,"name":"R\u00e9servations de groupe"}]},{"@type":"WebSite","@id":"https:\/\/pierre-delaunay.fr\/lindsey2\/#website","url":"https:\/\/pierre-delaunay.fr\/lindsey2\/","name":"Lindsey H\u00f4tel","description":"","publisher":{"@id":"https:\/\/pierre-delaunay.fr\/lindsey2\/#organization"},"potentialAction":[{"@type":"SearchAction","target":{"@type":"EntryPoint","urlTemplate":"https:\/\/pierre-delaunay.fr\/lindsey2\/?s={search_term_string}"},"query-input":{"@type":"PropertyValueSpecification","valueRequired":true,"valueName":"search_term_string"}}],"inLanguage":"fr-FR"},{"@type":"Organization","@id":"https:\/\/pierre-delaunay.fr\/lindsey2\/#organization","name":"Lindsey H\u00f4tel","url":"https:\/\/pierre-delaunay.fr\/lindsey2\/","logo":{"@type":"ImageObject","inLanguage":"fr-FR","@id":"https:\/\/pierre-delaunay.fr\/lindsey2\/#\/schema\/logo\/image\/","url":"https:\/\/pierre-delaunay.fr\/lindsey2\/wp-content\/uploads\/2021\/03\/cropped-Logo.jpg","contentUrl":"https:\/\/pierre-delaunay.fr\/lindsey2\/wp-content\/uploads\/2021\/03\/cropped-Logo.jpg","width":512,"height":512,"caption":"Lindsey H\u00f4tel"},"image":{"@id":"https:\/\/pierre-delaunay.fr\/lindsey2\/#\/schema\/logo\/image\/"},"sameAs":["https:\/\/www.facebook.com\/LeLindseyHotel"]}]}},"_links":{"self":[{"href":"https:\/\/pierre-delaunay.fr\/lindsey2\/wp-json\/wp\/v2\/pages\/5134","targetHints":{"allow":["GET"]}}],"collection":[{"href":"https:\/\/pierre-delaunay.fr\/lindsey2\/wp-json\/wp\/v2\/pages"}],"about":[{"href":"https:\/\/pierre-delaunay.fr\/lindsey2\/wp-json\/wp\/v2\/types\/page"}],"author":[{"embeddable":true,"href":"https:\/\/pierre-delaunay.fr\/lindsey2\/wp-json\/wp\/v2\/users\/1"}],"replies":[{"embeddable":true,"href":"https:\/\/pierre-delaunay.fr\/lindsey2\/wp-json\/wp\/v2\/comments?post=5134"}],"version-history":[{"count":10,"href":"https:\/\/pierre-delaunay.fr\/lindsey2\/wp-json\/wp\/v2\/pages\/5134\/revisions"}],"predecessor-version":[{"id":6888,"href":"https:\/\/pierre-delaunay.fr\/lindsey2\/wp-json\/wp\/v2\/pages\/5134\/revisions\/6888"}],"wp:attachment":[{"href":"https:\/\/pierre-delaunay.fr\/lindsey2\/wp-json\/wp\/v2\/media?parent=5134"}],"curies":[{"name":"wp","href":"https:\/\/api.w.org\/{rel}","templated":true}]}}