{"id":19741,"date":"2025-05-08T15:28:49","date_gmt":"2025-05-08T13:28:49","guid":{"rendered":"https:\/\/pierre-delaunay.fr\/heavenimmo\/?page_id=19741"},"modified":"2025-05-08T15:45:42","modified_gmt":"2025-05-08T13:45:42","slug":"estimer-son-bien","status":"publish","type":"page","link":"https:\/\/pierre-delaunay.fr\/heavenimmo\/estimer-son-bien\/","title":{"rendered":"Estimer son bien"},"content":{"rendered":"\n<p>Vous d\u00e9sirez une \u00e9valuation de votre bien immobilier ? Remplissez le formulaire ci-dessous, nous vous contacterons dans les meilleurs d\u00e9lais.<\/p>\n\n\n\n<p>Nous restons \u00e0 votre disposition pour tout autre information compl\u00e9mentaire<\/p>\n\n\n\n<div class=\"wpcf7 no-js\" id=\"wpcf7-f19765-o1\" lang=\"fr-FR\" dir=\"ltr\" data-wpcf7-id=\"19765\">\n<div class=\"screen-reader-response\"><p role=\"status\" aria-live=\"polite\" aria-atomic=\"true\"><\/p> <ul><\/ul><\/div>\n<form action=\"\/heavenimmo\/wp-json\/wp\/v2\/pages\/19741#wpcf7-f19765-o1\" method=\"post\" class=\"wpcf7-form init\" aria-label=\"Formulaire de contact\" novalidate=\"novalidate\" data-status=\"init\">\n<fieldset class=\"hidden-fields-container\"><input type=\"hidden\" name=\"_wpcf7\" value=\"19765\" \/><input type=\"hidden\" name=\"_wpcf7_version\" value=\"6.1\" \/><input type=\"hidden\" name=\"_wpcf7_locale\" value=\"fr_FR\" \/><input type=\"hidden\" name=\"_wpcf7_unit_tag\" value=\"wpcf7-f19765-o1\" \/><input type=\"hidden\" name=\"_wpcf7_container_post\" value=\"0\" \/><input type=\"hidden\" name=\"_wpcf7_posted_data_hash\" value=\"\" \/>\n<\/fieldset>\n<h2>Je souhaite une estimation pour\n<\/h2>\n<p><span class=\"wpcf7-form-control-wrap\" data-name=\"radio-251\"><span class=\"wpcf7-form-control wpcf7-radio\"><span class=\"wpcf7-list-item first\"><label><input type=\"radio\" name=\"radio-251\" value=\"Vendre mon bien\" \/><span class=\"wpcf7-list-item-label\">Vendre mon bien<\/span><\/label><\/span><span class=\"wpcf7-list-item\"><label><input type=\"radio\" name=\"radio-251\" value=\"Louer mon bien\" \/><span class=\"wpcf7-list-item-label\">Louer mon bien<\/span><\/label><\/span><span class=\"wpcf7-list-item last\"><label><input type=\"radio\" name=\"radio-251\" value=\"G\u00e9rer mon bien\" \/><span class=\"wpcf7-list-item-label\">G\u00e9rer mon bien<\/span><\/label><\/span><\/span><\/span>\n<\/p>\n<h3> Je renseigne les informations de mon bien\n<\/h3>\n<p><span class=\"wpcf7-form-control-wrap\" data-name=\"radio-173\"><span class=\"wpcf7-form-control wpcf7-radio\"><span class=\"wpcf7-list-item first\"><label><input type=\"radio\" name=\"radio-173\" value=\"Appartement\" \/><span class=\"wpcf7-list-item-label\">Appartement<\/span><\/label><\/span><span class=\"wpcf7-list-item\"><label><input type=\"radio\" name=\"radio-173\" value=\"Maison\" \/><span class=\"wpcf7-list-item-label\">Maison<\/span><\/label><\/span><span class=\"wpcf7-list-item\"><label><input type=\"radio\" name=\"radio-173\" value=\"Terrain agricole\" \/><span class=\"wpcf7-list-item-label\">Terrain agricole<\/span><\/label><\/span><span class=\"wpcf7-list-item\"><label><input type=\"radio\" name=\"radio-173\" value=\"Terrain \u00e0 b\u00e2tir\" \/><span class=\"wpcf7-list-item-label\">Terrain \u00e0 b\u00e2tir<\/span><\/label><\/span><span class=\"wpcf7-list-item\"><label><input type=\"radio\" name=\"radio-173\" value=\"Terrain\" \/><span class=\"wpcf7-list-item-label\">Terrain<\/span><\/label><\/span><span class=\"wpcf7-list-item\"><label><input type=\"radio\" name=\"radio-173\" value=\"Studio\" \/><span class=\"wpcf7-list-item-label\">Studio<\/span><\/label><\/span><span class=\"wpcf7-list-item last\"><label><input type=\"radio\" name=\"radio-173\" value=\"Fonds de commerce\" \/><span class=\"wpcf7-list-item-label\">Fonds de commerce<\/span><\/label><\/span><\/span><\/span>\n<\/p>\n<p><label> Superficie terrain<br \/>\n<span class=\"wpcf7-form-control-wrap\" data-name=\"text-400\"><input size=\"40\" maxlength=\"400\" class=\"wpcf7-form-control wpcf7-text\" aria-invalid=\"false\" value=\"\" type=\"text\" name=\"text-400\" \/><\/span><\/label>\n<\/p>\n<p><label> Superficie habitable<br \/>\n<span class=\"wpcf7-form-control-wrap\" data-name=\"text-400\"><input size=\"40\" maxlength=\"400\" class=\"wpcf7-form-control wpcf7-text\" aria-invalid=\"false\" value=\"\" type=\"text\" name=\"text-400\" \/><\/span><\/label>\n<\/p>\n<p><label> Nombre de pi\u00e8ce<br \/>\n<span class=\"wpcf7-form-control-wrap\" data-name=\"text-400\"><input size=\"40\" maxlength=\"400\" class=\"wpcf7-form-control wpcf7-text\" aria-invalid=\"false\" value=\"\" type=\"text\" name=\"text-400\" \/><\/span><\/label>\n<\/p>\n<p><label> Secteur \/ Quartier \/ Ville<br \/>\n<span class=\"wpcf7-form-control-wrap\" data-name=\"text-400\"><input size=\"40\" maxlength=\"400\" class=\"wpcf7-form-control wpcf7-text wpcf7-validates-as-required\" aria-required=\"true\" aria-invalid=\"false\" value=\"\" type=\"text\" name=\"text-400\" \/><\/span><\/label>\n<\/p>\n<p><label> Date de disponibilit\u00e9<br \/>\n<span class=\"wpcf7-form-control-wrap\" data-name=\"date-935\"><input class=\"wpcf7-form-control wpcf7-date wpcf7-validates-as-date\" aria-invalid=\"false\" value=\"\" type=\"date\" name=\"date-935\" \/><\/span><br \/>\n<\/label>\n<\/p>\n<h3> Vos coordonn\u00e9es\n<\/h3>\n<p><label> Nom et pr\u00e9nom<br \/>\n<span class=\"wpcf7-form-control-wrap\" data-name=\"text-164\"><input size=\"40\" maxlength=\"400\" class=\"wpcf7-form-control wpcf7-text\" aria-invalid=\"false\" value=\"\" type=\"text\" name=\"text-164\" \/><\/span><\/label>\n<\/p>\n<p><label> T\u00e9l\u00e9phone<br \/>\n<span class=\"wpcf7-form-control-wrap\" data-name=\"tel-440\"><input size=\"40\" maxlength=\"400\" class=\"wpcf7-form-control wpcf7-tel wpcf7-text wpcf7-validates-as-tel\" aria-invalid=\"false\" value=\"\" type=\"tel\" name=\"tel-440\" \/><\/span><\/label>\n<\/p>\n<p><label> Email<br \/>\n<span class=\"wpcf7-form-control-wrap\" data-name=\"email-696\"><input size=\"40\" maxlength=\"400\" class=\"wpcf7-form-control wpcf7-email wpcf7-validates-as-required wpcf7-text wpcf7-validates-as-email\" aria-required=\"true\" aria-invalid=\"false\" value=\"\" type=\"email\" name=\"email-696\" \/><\/span><\/label>\n<\/p>\n<p><input class=\"wpcf7-form-control wpcf7-submit has-spinner\" type=\"submit\" value=\"Envoyer\" \/>\n<\/p><div class=\"wpcf7-response-output\" aria-hidden=\"true\"><\/div>\n<\/form>\n<\/div>\n\n\n\n\n<p><\/p>\n","protected":false},"excerpt":{"rendered":"<p>Vous d\u00e9sirez une \u00e9valuation de votre bien immobilier ? Remplissez le formulaire ci-dessous, nous vous contacterons dans les meilleurs d\u00e9lais. Nous restons \u00e0 votre disposition pour tout autre information compl\u00e9mentaire<\/p>\n","protected":false},"author":1,"featured_media":0,"parent":0,"menu_order":0,"comment_status":"closed","ping_status":"closed","template":"","meta":{"inline_featured_image":false,"footnotes":""},"class_list":["post-19741","page","type-page","status-publish","hentry"],"_links":{"self":[{"href":"https:\/\/pierre-delaunay.fr\/heavenimmo\/wp-json\/wp\/v2\/pages\/19741","targetHints":{"allow":["GET"]}}],"collection":[{"href":"https:\/\/pierre-delaunay.fr\/heavenimmo\/wp-json\/wp\/v2\/pages"}],"about":[{"href":"https:\/\/pierre-delaunay.fr\/heavenimmo\/wp-json\/wp\/v2\/types\/page"}],"author":[{"embeddable":true,"href":"https:\/\/pierre-delaunay.fr\/heavenimmo\/wp-json\/wp\/v2\/users\/1"}],"replies":[{"embeddable":true,"href":"https:\/\/pierre-delaunay.fr\/heavenimmo\/wp-json\/wp\/v2\/comments?post=19741"}],"version-history":[{"count":2,"href":"https:\/\/pierre-delaunay.fr\/heavenimmo\/wp-json\/wp\/v2\/pages\/19741\/revisions"}],"predecessor-version":[{"id":19766,"href":"https:\/\/pierre-delaunay.fr\/heavenimmo\/wp-json\/wp\/v2\/pages\/19741\/revisions\/19766"}],"wp:attachment":[{"href":"https:\/\/pierre-delaunay.fr\/heavenimmo\/wp-json\/wp\/v2\/media?parent=19741"}],"curies":[{"name":"wp","href":"https:\/\/api.w.org\/{rel}","templated":true}]}}